{"id":304,"date":"2017-11-10T09:24:40","date_gmt":"2017-11-10T08:24:40","guid":{"rendered":"http:\/\/zsoszczevi.cluster023.hosting.ovh.net\/podstawowka\/?page_id=304"},"modified":"2017-11-10T09:32:26","modified_gmt":"2017-11-10T08:32:26","slug":"regulamin-strony-internetowej","status":"publish","type":"page","link":"https:\/\/zso4.szczecin.pl\/podstawowka\/regulamin-strony-internetowej\/","title":{"rendered":"REGULAMIN STRONY INTERNETOWEJ"},"content":{"rendered":"<h1 class=\"font_8\" style=\"text-align: center;\"><span class=\"color_2\">REGULAMIN STRONY INTERNETOWEJ<\/span><\/h1>\n<h1 class=\"font_8\" style=\"text-align: center;\"><span class=\"color_2\">ZESPO\u0141U SZK\u00d3\u0141 OG\u00d3LNOKSZTA\u0141C\u0104CYCH NR 4 W SZCZECINIE<\/span><\/h1>\n<p class=\"font_8\"><span class=\"color_2\">\u00a71 POSTANOWIENIA OG\u00d3LNE<\/span><\/p>\n<p class=\"font_8\"><span class=\"color_2\">1. Niniejszy regulamin okre\u015bla zasady korzystania przez U\u017cytkownik\u00f3w z informacji oferowanych na Stronie Internetowej Zespo\u0142u Szk\u00f3\u0142 Og\u00f3lnokszta\u0142c\u0105cych nr 4 w Szczecinie zwanej dalej w skr\u00f3cie Stron\u0105.<\/span><\/p>\n<p class=\"font_8\"><span class=\"color_2\">2. U\u017cytkownik korzystaj\u0105c z tre\u015bci dost\u0119pnych na Stronie wyra\u017ca zgod\u0119 na postanowienia niniejszego regulaminu.<\/span><\/p>\n<p class=\"font_8\"><span class=\"color_2\">3. U\u017cytkownicy Strony s\u0105 zobowi\u0105zani do przestrzegania prawa obowi\u0105zuj\u0105cego na terytorium RP, prawa obowi\u0105zuj\u0105cego w Zespo\u0142u Szk\u00f3\u0142 Og\u00f3lnokszta\u0142c\u0105cych nr 4 w Szczecinie oraz zasad wsp\u00f3\u0142\u017cycia spo\u0142ecznego.<\/span><\/p>\n<p class=\"font_8\"><span class=\"color_2\">4. Podmiotem oferuj\u0105cym tre\u015bci na Stronie jest:<\/span><\/p>\n<p class=\"font_8\"><span class=\"color_2\">Zespo\u0142u Szk\u00f3\u0142 Og\u00f3lnokszta\u0142c\u0105cych nr 4, ul. Romera 2, 71-246 Szczecin, zwany dalej Szko\u0142\u0105.<\/span><\/p>\n<p class=\"font_8\"><span class=\"color_2\">5. W celu zapewnienia odpowiedniej jako\u015bci materia\u0142\u00f3w publikowanych na Stronie, Szko\u0142a powo\u0142a\u0142a Administratora Strony Zespo\u0142u Szk\u00f3\u0142 Og\u00f3lnokszta\u0142c\u0105cych nr 4 w Szczecinie dalej Administratorem.<\/span><\/p>\n<p class=\"font_8\"><span class=\"color_2\">6. Strona Internetowa Zespo\u0142u Szk\u00f3\u0142 Og\u00f3lnokszta\u0142c\u0105cych nr 4 w Szczecinie dost\u0119pna jest pod adresem:\u00a0https:\/\/www.zso4.szczecin.pl<\/span><\/p>\n<p class=\"font_8\"><span class=\"color_2\">7. Opiekunowie strony s\u0105 odpowiedzialni za weryfikacj\u0119 merytoryczn\u0105 udost\u0119pnianych zasob\u00f3w. Tre\u015b\u0107 materia\u0142\u00f3w jest uzgadniana z Dyrektorem Szko\u0142y.<\/span><\/p>\n<p class=\"font_8\"><span class=\"color_2\">8. Tre\u015b\u0107 publikowanych informacji na stronie internetowej dotyczy wy\u0142\u0105cznie dzia\u0142alno\u015bci szko\u0142y, uczni\u00f3w oraz grona pedagogicznego i innych jej pracownik\u00f3w. Szanujemy prawa U\u017cytkownika do prywatno\u015bci, dlatego staramy si\u0119 przestrzega\u0107 obowi\u0105zuj\u0105cych przepis\u00f3w prawa dotycz\u0105cych prywatno\u015bci i ochrony danych osobowych.<\/span><\/p>\n<p class=\"font_8\"><span class=\"color_2\">9. Nasza strona internetowa mo\u017ce wykorzystywa\u0107 ciasteczka, kt\u00f3re s\u0142u\u017c\u0105 identyfikacji Twojej przegl\u0105darki podczas korzystania z naszej strony, aby\u015bmy wiedzieli jak\u0105 stron\u0119 Ci wy\u015bwietli\u0107. Ciasteczka nie zawieraj\u0105 \u017cadnych danych osobowych.<\/span><\/p>\n<p class=\"font_8\"><span class=\"color_2\">10. Do publikacji na Stronie nie s\u0105 przyjmowane materia\u0142y i wypowiedzi sprzeczne z prawem polskim i mi\u0119dzynarodowym, wzywaj\u0105ce do nienawi\u015bci rasowej, etnicznej, wyznaniowej, zawieraj\u0105ce tre\u015bci pornograficzne, faszystowskie, wulgarne, propaguj\u0105ce u\u017cywki lub przemoc, obra\u017caj\u0105ce uczucia religijne, naruszaj\u0105ce prawa innych os\u00f3b, a tak\u017ce godz\u0105ce w dobre imi\u0119 Szko\u0142y.<\/span><\/p>\n<p class=\"font_8\"><span class=\"color_2\">9. W razie stwierdzenia zaistnienia na Stronie tre\u015bci lub wypowiedzi o charakterze niezgodnym z regulaminem Strony, u\u017cytkownicy powinni powiadomi\u0107 Administratora o tym fakcie przesy\u0142aj\u0105c w\u0142a\u015bciw\u0105 informacj\u0119 na adres mailowy Strony.<\/span><\/p>\n<p class=\"font_8\"><span class=\"color_2\">\u00a7 2 KORZYSTANIE Z TRE\u015aCI STRONY<\/span><\/p>\n<p class=\"font_8\"><span class=\"color_2\">1. Korzystanie z tre\u015bci udost\u0119pnianych na \u0142amach Strony jest bezp\u0142atne.<\/span><\/p>\n<p class=\"font_8\"><span class=\"color_2\">2. U\u017cytkownik Strony zobowi\u0105zuje si\u0119 do korzystania z tre\u015bci udost\u0119pnianych na Stronie zgodnie z prawem obowi\u0105zuj\u0105cym na terenie Rzeczpospolitej Polskiej oraz niniejszym regulaminem.<\/span><\/p>\n<p class=\"font_8\"><span class=\"color_2\">3. Ka\u017cdy U\u017cytkownik zobowi\u0105zuje si\u0119 do nie podejmowania dzia\u0142a\u0144 maj\u0105cych na celu zak\u0142\u00f3cenie poprawnej pracy Strony, uzyskanie nie przys\u0142uguj\u0105cych mu praw dost\u0119pu.<\/span><\/p>\n<p class=\"font_8\"><span class=\"color_2\">4. U\u017cytkownik Strony jest zobowi\u0105zany do korzystania ze Strony Internetowej\u00a0 https:\/\/www.zso4.szczecin.pl zgodnie z jego przeznaczeniem.<\/span><\/p>\n<p class=\"font_8\"><span class=\"color_2\">\u00a7 3 WY\u0141\u0104CZENIE ODPOWIEDZIALNO\u015aCI<\/span><\/p>\n<p class=\"font_8\"><span class=\"color_2\">1. Szko\u0142a dok\u0142ada wszelkich stara\u0144 w celu zapewnienia aktualno\u015bci i odpowiedniej jako\u015bci materia\u0142\u00f3w i wiadomo\u015bci prezentowanych na Stronie.<\/span><\/p>\n<p class=\"font_8\"><span class=\"color_2\">2. Dane i informacje zawarte na Stronie s\u0105 publikowane wy\u0142\u0105cznie do cel\u00f3w informacyjnych.<\/span><\/p>\n<p class=\"font_8\"><span class=\"color_2\">3. Szko\u0142a nie ponosi odpowiedzialno\u015bci za wykorzystanie informacji udost\u0119pnianych na Stronie przez jej U\u017cytkownik\u00f3w.<\/span><\/p>\n<p class=\"font_8\"><span class=\"color_2\">4. Szko\u0142a do\u0142o\u017cy wszelkich stara\u0144 w celu zapewnienia poprawnego dzia\u0142ania Strony jednak\u017ce zastrzega, i\u017c nie ponosi odpowiedzialno\u015bci za szkody wynikaj\u0105ce z wadliwego funkcjonowania Strony.<\/span><\/p>\n<p class=\"font_8\"><span class=\"color_2\">5. Strona internetowa Szko\u0142y zawiera \u0142\u0105cza do innych stron internetowych. \u0141\u0105cza te zamieszczamy wy\u0142\u0105cznie dla wygody i informacji U\u017cytkownik\u00f3w. Witryny, do kt\u00f3rych prowadz\u0105, mog\u0105 mie\u0107 w\u0142asne regulaminy, z kt\u00f3rymi zalecamy si\u0119 zapozna\u0107 podczas ich odwiedzania. Nie ponosimy odpowiedzialno\u015bci za tre\u015b\u0107 takich witryn, produkty i us\u0142ugi oferowane za ich po\u015brednictwem oraz inne ich wykorzystanie.<\/span><\/p>\n<p class=\"font_8\"><span class=\"color_2\">\u00a75 Ochrona danych osobowych<\/span><\/p>\n<p class=\"font_8\"><span class=\"color_2\">1. Dane osobowe przekazywane przez U\u017cytkownika Strony s\u0105 przetwarzane przez Zespo\u0142u Szk\u00f3\u0142 Og\u00f3lnokszta\u0142c\u0105cych nr 4, ul. Romera 2, 71-246 Szczecin. W \u017cadnym wypadku nie b\u0119d\u0105 sprzedawane podmiotom trzecim.<\/span><\/p>\n<p class=\"font_8\"><span class=\"color_2\">2. Dane osobowe s\u0105 gromadzone i przetwarzane zgodnie z ustaw\u0105 z dnia 29 sierpnia 1997 r. o ochronie danych osobowych (Dz. U. 2002 r. N 101 poz. 926, ze zm.) wy\u0142\u0105cznie dla potrzeb Zespo\u0142u Szk\u00f3\u0142 Og\u00f3lnokszta\u0142c\u0105cych nr 4 w Szczecinie.<\/span><\/p>\n<p class=\"font_8\"><span class=\"color_2\">3. U\u017cytkownik Strony ma m. in. prawo do \u017c\u0105dania uzupe\u0142nienia, uaktualnienia, sprostowania danych osobowych, czasowego lub sta\u0142ego wstrzymania ich przetwarzania lub ich usuni\u0119cia na stronie \u2013 je\u017celi s\u0105 one niekompletne, nieaktualne, nieprawdziwe lub zosta\u0142y zebrane z naruszeniem ustawy albo s\u0105 ju\u017c zb\u0119dne do realizacji celu, dla kt\u00f3rego zosta\u0142y zebrane. Powierzone dane osobowe s\u0105 przechowywane i zabezpieczone zgodnie z zasadami okre\u015blonymi w obowi\u0105zuj\u0105cych przepisach prawa.<\/span><\/p>\n<p class=\"font_8\"><span class=\"color_2\">\u00a7 6 POSTANOWIENIA KO\u0143COWE<\/span><\/p>\n<p class=\"font_8\"><span class=\"color_2\">1. Wszelkie uwagi i zg\u0142oszenia dotycz\u0105ce narusze\u0144 niniejszego regulaminu nale\u017cy przesy\u0142a\u0107 na adres mailowy strony Szko\u0142y.<\/span><\/p>\n<p class=\"font_8\"><span class=\"color_2\">2. Szko\u0142a zastrzega sobie prawo do wprowadzania zmian w niniejszym regulaminie. Wszelkie zmiany staj\u0105 si\u0119 obowi\u0105zuj\u0105ce w momencie opublikowania ich na Stronie.<\/span><\/p>\n<p class=\"font_8\"><span class=\"color_2\">3. W sprawach nieuregulowanych niniejszym Regulaminem zastosowanie b\u0119d\u0105 mia\u0142y w\u0142a\u015bciwe przepisy prawa, w szczeg\u00f3lno\u015bci ustawy z dnia 23 kwietnia 1964 roku \u2013 Kodeks Cywilny (Dz. U. Nr 16, poz. 93 ze zm.), ustawy z dnia 27 lipca 2002 roku o szczeg\u00f3lnych warunkach sprzeda\u017cy konsumenckiej oraz o zmianie Kodeksu Cywilnego (Dz. U. Nr 141, poz. 1176 ze zm.) oraz ustawy z dnia 2 marca 2000 roku o ochronie niekt\u00f3rych praw konsument\u00f3w oraz odpowiedzialno\u015bci za szkod\u0119 wyrz\u0105dzon\u0105 przez produkt niebezpieczny (Dz. U. Nr 22, poz. 271 ze zm.).<\/span><\/p>\n<p class=\"font_8\"><span class=\"color_2\">4. Niniejszy Regulamin obowi\u0105zuje od dnia 01.02.2015r.<\/span><\/p>\n","protected":false},"excerpt":{"rendered":"<p>REGULAMIN STRONY INTERNETOWEJ ZESPO\u0141U SZK\u00d3\u0141 OG\u00d3LNOKSZTA\u0141C\u0104CYCH NR 4 W SZCZECINIE \u00a71 POSTANOWIENIA OG\u00d3LNE 1. Niniejszy regulamin okre\u015bla zasady korzystania przez U\u017cytkownik\u00f3w z informacji oferowanych na Stronie Internetowej Zespo\u0142u Szk\u00f3\u0142 Og\u00f3lnokszta\u0142c\u0105cych nr 4 w Szczecinie zwanej dalej w skr\u00f3cie Stron\u0105. 2. U\u017cytkownik korzystaj\u0105c z tre\u015bci dost\u0119pnych na Stronie wyra\u017ca zgod\u0119 na postanowienia niniejszego regulaminu. 3. U\u017cytkownicy [&hellip;]<\/p>\n","protected":false},"author":1,"featured_media":0,"parent":0,"menu_order":0,"comment_status":"closed","ping_status":"closed","template":"","meta":{"_exactmetrics_skip_tracking":false,"_exactmetrics_sitenote_active":false,"_exactmetrics_sitenote_note":"","_exactmetrics_sitenote_category":0},"_links":{"self":[{"href":"https:\/\/zso4.szczecin.pl\/podstawowka\/wp-json\/wp\/v2\/pages\/304"}],"collection":[{"href":"https:\/\/zso4.szczecin.pl\/podstawowka\/wp-json\/wp\/v2\/pages"}],"about":[{"href":"https:\/\/zso4.szczecin.pl\/podstawowka\/wp-json\/wp\/v2\/types\/page"}],"author":[{"embeddable":true,"href":"https:\/\/zso4.szczecin.pl\/podstawowka\/wp-json\/wp\/v2\/users\/1"}],"replies":[{"embeddable":true,"href":"https:\/\/zso4.szczecin.pl\/podstawowka\/wp-json\/wp\/v2\/comments?post=304"}],"version-history":[{"count":1,"href":"https:\/\/zso4.szczecin.pl\/podstawowka\/wp-json\/wp\/v2\/pages\/304\/revisions"}],"predecessor-version":[{"id":305,"href":"https:\/\/zso4.szczecin.pl\/podstawowka\/wp-json\/wp\/v2\/pages\/304\/revisions\/305"}],"wp:attachment":[{"href":"https:\/\/zso4.szczecin.pl\/podstawowka\/wp-json\/wp\/v2\/media?parent=304"}],"curies":[{"name":"wp","href":"https:\/\/api.w.org\/{rel}","templated":true}]}}