{"id":282,"date":"2017-11-05T13:43:49","date_gmt":"2017-11-05T12:43:49","guid":{"rendered":"http:\/\/zsoszczevi.cluster023.hosting.ovh.net\/podstawowka\/?page_id=282"},"modified":"2024-07-01T08:03:02","modified_gmt":"2024-07-01T06:03:02","slug":"podrczniki","status":"publish","type":"page","link":"https:\/\/zso4.szczecin.pl\/podstawowka\/podrczniki\/","title":{"rendered":"PODR\u0118CZNIKI"},"content":{"rendered":"<h1 class=\"font_2\" style=\"text-align: center;\"><span class=\"color_13\">WYKAZ PODR\u0118CZNIK\u00d3W<\/span><\/h1>\n<h2><a href=\"https:\/\/zso4.szczecin.pl\/podstawowka\/wp-content\/uploads\/sites\/3\/2024\/07\/SP_KL.-1-8_2024-2025.pdf\">SP_KL.-1-8_2024-2025 pdf.<\/a><\/h2>\n<hr \/>\n<p><a href=\"http:\/\/zso4.szczecin.pl\/podstawowka\/wp-content\/uploads\/sites\/3\/2023\/09\/REGULAMIN_PODRECZNIKI-Z-DOTACJI-CELOWEJ-MEiN.pdf\">REGULAMIN_PODR\u0118CZNIKI-Z-DOTACJI-CELOWEJ-MEiN<\/a><\/p>\n<p class=\"font_8\">\n","protected":false},"excerpt":{"rendered":"<p>WYKAZ PODR\u0118CZNIK\u00d3W SP_KL.-1-8_2024-2025 pdf. REGULAMIN_PODR\u0118CZNIKI-Z-DOTACJI-CELOWEJ-MEiN<\/p>\n","protected":false},"author":1,"featured_media":0,"parent":0,"menu_order":0,"comment_status":"closed","ping_status":"closed","template":"","meta":{"_exactmetrics_skip_tracking":false,"_exactmetrics_sitenote_active":false,"_exactmetrics_sitenote_note":"","_exactmetrics_sitenote_category":0},"_links":{"self":[{"href":"https:\/\/zso4.szczecin.pl\/podstawowka\/wp-json\/wp\/v2\/pages\/282"}],"collection":[{"href":"https:\/\/zso4.szczecin.pl\/podstawowka\/wp-json\/wp\/v2\/pages"}],"about":[{"href":"https:\/\/zso4.szczecin.pl\/podstawowka\/wp-json\/wp\/v2\/types\/page"}],"author":[{"embeddable":true,"href":"https:\/\/zso4.szczecin.pl\/podstawowka\/wp-json\/wp\/v2\/users\/1"}],"replies":[{"embeddable":true,"href":"https:\/\/zso4.szczecin.pl\/podstawowka\/wp-json\/wp\/v2\/comments?post=282"}],"version-history":[{"count":13,"href":"https:\/\/zso4.szczecin.pl\/podstawowka\/wp-json\/wp\/v2\/pages\/282\/revisions"}],"predecessor-version":[{"id":7798,"href":"https:\/\/zso4.szczecin.pl\/podstawowka\/wp-json\/wp\/v2\/pages\/282\/revisions\/7798"}],"wp:attachment":[{"href":"https:\/\/zso4.szczecin.pl\/podstawowka\/wp-json\/wp\/v2\/media?parent=282"}],"curies":[{"name":"wp","href":"https:\/\/api.w.org\/{rel}","templated":true}]}}