{"id":24,"date":"2017-03-14T12:40:04","date_gmt":"2017-03-14T11:40:04","guid":{"rendered":"http:\/\/zsoszczevi.cluster023.hosting.ovh.net\/gimnazjum\/?page_id=24"},"modified":"2025-09-02T22:58:28","modified_gmt":"2025-09-02T20:58:28","slug":"wychowawcy","status":"publish","type":"page","link":"https:\/\/zso4.szczecin.pl\/podstawowka\/wychowawcy\/","title":{"rendered":"WYCHOWAWCY"},"content":{"rendered":"\n<p><strong>Klasa 1a:<\/strong> Alicja Zieli\u0144ska-Kotwica<\/p>\n\n\n\n<p><strong>Klasa 1b:<\/strong> Paulina Szczepa\u0144ska<\/p>\n\n\n\n<p><strong>Klasa 1c:<\/strong> Dorota Uszpolewicz<\/p>\n\n\n\n<p><strong>Klasa 2a:<\/strong> Karolina Wajszczuk<\/p>\n\n\n\n<p><strong>Klasa 2b:<\/strong> Iwona D\u0119bowska-Sokulska<\/p>\n\n\n\n<p><strong>Klasa 2c:<\/strong> Katarzyna Wo\u017aniak<\/p>\n\n\n\n<p><strong>Klasa 3a:<\/strong> Katarzyna Kruppa<\/p>\n\n\n\n<p><strong>Klasa 3b:<\/strong> Joanna Chrzanowska<\/p>\n\n\n\n<p><strong>Klasa 3c:<\/strong> Emilia Kaczocha<\/p>\n\n\n\n<p><strong>Klasa 4a:<\/strong> Joanna Sobkowiak<\/p>\n\n\n\n<p><strong>Klasa 4b:<\/strong> Magdalena Schulz<\/p>\n\n\n\n<p><strong>Klasa 5a:<\/strong> Tomasz Sawicki<\/p>\n\n\n\n<p><strong>Klasa 5b:<\/strong> Aleksandra Rothe<\/p>\n\n\n\n<p><strong>Klasa 6a:<\/strong> Kamila Patyna<\/p>\n\n\n\n<p><strong>Klasa 6b:<\/strong> Paulina Haraszczuk<\/p>\n\n\n\n<p><strong>Klasa 7a:<\/strong> Aneta Makochon<\/p>\n\n\n\n<p><strong>Klasa 7b:<\/strong> Aneta Wawrzyniak<\/p>\n\n\n\n<p><strong>Klasa 8a:<\/strong> Dorota Korycko<\/p>\n\n\n\n<p><strong>Klasa 8b:<\/strong> El\u017cbieta Swinarska<\/p>\n","protected":false},"excerpt":{"rendered":"<p>Klasa 1a: Alicja Zieli\u0144ska-Kotwica Klasa 1b: Paulina Szczepa\u0144ska Klasa 1c: Dorota Uszpolewicz Klasa 2a: Karolina Wajszczuk Klasa 2b: Iwona D\u0119bowska-Sokulska Klasa 2c: Katarzyna Wo\u017aniak Klasa 3a: Katarzyna Kruppa Klasa 3b: Joanna Chrzanowska Klasa 3c: Emilia Kaczocha Klasa 4a: Joanna Sobkowiak Klasa 4b: Magdalena Schulz Klasa 5a: Tomasz Sawicki Klasa 5b: Aleksandra Rothe Klasa 6a: Kamila [&hellip;]<\/p>\n","protected":false},"author":1,"featured_media":0,"parent":0,"menu_order":0,"comment_status":"closed","ping_status":"closed","template":"","meta":{"_exactmetrics_skip_tracking":false,"_exactmetrics_sitenote_active":false,"_exactmetrics_sitenote_note":"","_exactmetrics_sitenote_category":0},"_links":{"self":[{"href":"https:\/\/zso4.szczecin.pl\/podstawowka\/wp-json\/wp\/v2\/pages\/24"}],"collection":[{"href":"https:\/\/zso4.szczecin.pl\/podstawowka\/wp-json\/wp\/v2\/pages"}],"about":[{"href":"https:\/\/zso4.szczecin.pl\/podstawowka\/wp-json\/wp\/v2\/types\/page"}],"author":[{"embeddable":true,"href":"https:\/\/zso4.szczecin.pl\/podstawowka\/wp-json\/wp\/v2\/users\/1"}],"replies":[{"embeddable":true,"href":"https:\/\/zso4.szczecin.pl\/podstawowka\/wp-json\/wp\/v2\/comments?post=24"}],"version-history":[{"count":18,"href":"https:\/\/zso4.szczecin.pl\/podstawowka\/wp-json\/wp\/v2\/pages\/24\/revisions"}],"predecessor-version":[{"id":8997,"href":"https:\/\/zso4.szczecin.pl\/podstawowka\/wp-json\/wp\/v2\/pages\/24\/revisions\/8997"}],"wp:attachment":[{"href":"https:\/\/zso4.szczecin.pl\/podstawowka\/wp-json\/wp\/v2\/media?parent=24"}],"curies":[{"name":"wp","href":"https:\/\/api.w.org\/{rel}","templated":true}]}}