{"id":1173,"date":"2018-03-04T20:13:15","date_gmt":"2018-03-04T19:13:15","guid":{"rendered":"http:\/\/zso4.szczecin.pl\/podstawowka\/?page_id=1173"},"modified":"2022-02-19T09:49:01","modified_gmt":"2022-02-19T08:49:01","slug":"kilka-slow-o-nas","status":"publish","type":"page","link":"https:\/\/zso4.szczecin.pl\/podstawowka\/kilka-slow-o-nas\/","title":{"rendered":"Kilka s\u0142\u00f3w o nas"},"content":{"rendered":"<p><a href=\"http:\/\/zso4.szczecin.pl\/podstawowka\/wp-content\/uploads\/sites\/3\/2022\/02\/1.jpg\"><img loading=\"lazy\" class=\"size-medium wp-image-4154 alignright\" src=\"http:\/\/zso4.szczecin.pl\/podstawowka\/wp-content\/uploads\/sites\/3\/2022\/02\/1-300x192.jpg\" alt=\"\" width=\"300\" height=\"192\" srcset=\"https:\/\/zso4.szczecin.pl\/podstawowka\/wp-content\/uploads\/sites\/3\/2022\/02\/1-300x192.jpg 300w, https:\/\/zso4.szczecin.pl\/podstawowka\/wp-content\/uploads\/sites\/3\/2022\/02\/1-1024x655.jpg 1024w, https:\/\/zso4.szczecin.pl\/podstawowka\/wp-content\/uploads\/sites\/3\/2022\/02\/1-768x491.jpg 768w, https:\/\/zso4.szczecin.pl\/podstawowka\/wp-content\/uploads\/sites\/3\/2022\/02\/1-1536x982.jpg 1536w, https:\/\/zso4.szczecin.pl\/podstawowka\/wp-content\/uploads\/sites\/3\/2022\/02\/1-2048x1309.jpg 2048w\" sizes=\"(max-width: 300px) 100vw, 300px\" \/><\/a>Szko\u0142a Podstawowa z Oddzia\u0142ami Dwuj\u0119zycznymi nr 2 istnieje od roku 2017 i wchodzi wraz z XI Liceum Og\u00f3lnokszta\u0142c\u0105cym z Oddzia\u0142ami Dwuj\u0119zycznymi w sk\u0142ad Zespo\u0142u Szk\u00f3\u0142 Og\u00f3lnokszta\u0142c\u0105cych Nr 4 w Szczecinie. Jest to nowoczesna szko\u0142a, kt\u00f3ra proponuje atrakcyjny i ciekawy program nauczania, opracowany z my\u015bl\u0105 o przysz\u0142o\u015bci swoich uczni\u00f3w.<\/p>\n<p><a href=\"http:\/\/zso4.szczecin.pl\/podstawowka\/wp-content\/uploads\/sites\/3\/2022\/02\/6.jpg\"><img loading=\"lazy\" class=\"size-medium wp-image-4157 alignleft\" src=\"http:\/\/zso4.szczecin.pl\/podstawowka\/wp-content\/uploads\/sites\/3\/2022\/02\/6-300x225.jpg\" alt=\"\" width=\"300\" height=\"225\" srcset=\"https:\/\/zso4.szczecin.pl\/podstawowka\/wp-content\/uploads\/sites\/3\/2022\/02\/6-300x225.jpg 300w, https:\/\/zso4.szczecin.pl\/podstawowka\/wp-content\/uploads\/sites\/3\/2022\/02\/6-1024x768.jpg 1024w, https:\/\/zso4.szczecin.pl\/podstawowka\/wp-content\/uploads\/sites\/3\/2022\/02\/6-768x576.jpg 768w, https:\/\/zso4.szczecin.pl\/podstawowka\/wp-content\/uploads\/sites\/3\/2022\/02\/6-1536x1152.jpg 1536w, https:\/\/zso4.szczecin.pl\/podstawowka\/wp-content\/uploads\/sites\/3\/2022\/02\/6.jpg 2006w\" sizes=\"(max-width: 300px) 100vw, 300px\" \/><\/a>Szko\u0142a oferuje innowacyjn\u0105 edukacj\u0119 wczesnoszkoln\u0105 w klasach 1-3 i w szkolnym oddziale przedszkolnym &#8211; \u201e zer\u00f3wka\u201d. Jeste\u015bmy szko\u0142\u0105, kt\u00f3ra r\u00f3\u017cni si\u0119 od innych plac\u00f3wek. Za pomoc\u0105 j\u0119zyk\u00f3w nowo\u017cytnych (angielskiego i w\u0142oskiego) nauczamy nowych umiej\u0119tno\u015bci, odkrywamy talenty dzieci, dostarczamy wiedzy. Nasza szko\u0142a jest plac\u00f3wk\u0105, kt\u00f3ra szczeg\u00f3lnie zwraca uwag\u0119 na wszechstronny rozw\u00f3j dziecka tak, aby pozna\u0142o rado\u015b\u0107 p\u0142yn\u0105c\u0105 z edukacji, zabawy i nauczy\u0142o si\u0119 nawi\u0105zywa\u0107 relacje z innymi dzie\u0107mi, z przyjemno\u015bci\u0105 odkrywa\u0142o i rozumia\u0142o otaczaj\u0105cy go \u015bwiat, nauczy\u0142o si\u0119 samodzielno\u015bci, zasad bezpiecze\u0144stwa oraz radzenia sobie z trudno\u015bciami, pozna\u0142o nowe do\u015bwiadczenia i odnosi\u0142o sukcesy. Ka\u017cdemu dziecku stwarzamy szans\u0119 na miar\u0119 jego mo\u017cliwo\u015bci. D\u0105\u017cymy do tego, aby nasi uczniowie osi\u0105gn\u0119li gotowo\u015b\u0107 szkoln\u0105 do II etapu edukacji i odnosili sukcesy w szkole.<\/p>\n<p><strong><a href=\"http:\/\/zso4.szczecin.pl\/podstawowka\/wp-content\/uploads\/sites\/3\/2022\/02\/9.jpg\"><img loading=\"lazy\" class=\"size-medium wp-image-4155 alignright\" src=\"http:\/\/zso4.szczecin.pl\/podstawowka\/wp-content\/uploads\/sites\/3\/2022\/02\/9-300x240.jpg\" alt=\"\" width=\"300\" height=\"240\" srcset=\"https:\/\/zso4.szczecin.pl\/podstawowka\/wp-content\/uploads\/sites\/3\/2022\/02\/9-300x240.jpg 300w, https:\/\/zso4.szczecin.pl\/podstawowka\/wp-content\/uploads\/sites\/3\/2022\/02\/9-1024x819.jpg 1024w, https:\/\/zso4.szczecin.pl\/podstawowka\/wp-content\/uploads\/sites\/3\/2022\/02\/9-768x614.jpg 768w, https:\/\/zso4.szczecin.pl\/podstawowka\/wp-content\/uploads\/sites\/3\/2022\/02\/9-1536x1229.jpg 1536w, https:\/\/zso4.szczecin.pl\/podstawowka\/wp-content\/uploads\/sites\/3\/2022\/02\/9.jpg 2000w\" sizes=\"(max-width: 300px) 100vw, 300px\" \/><\/a>Uczniowie maj\u0105 do dyspozycji <\/strong>nowoczesny budynek szkolny w kt\u00f3rym znajduj\u0105 si\u0119 m.in.:<\/p>\n<ul>\n<li>Najnowszej generacji sale dydaktyczne wyposa\u017cone w monitory interaktywne i sprz\u0119t multimedialny,<\/li>\n<li>Nowoczesna pracownia informatyczna,<\/li>\n<li>\u015awietlica, w kt\u00f3rej uczniowie maj\u0105 do dyspozycji interaktywny dywan,<\/li>\n<li>Bawialnia, gdzie uczniowie mog\u0105 si\u0119 zrelaksowa\u0107,<\/li>\n<li>Nowoczesna sto\u0142\u00f3wka,<\/li>\n<li>Kompleks nowoczesnych boisk, sal\u0105 gimnastyczn\u0105.<\/li>\n<\/ul>\n<p>Szko\u0142a oferuje uczniom opiek\u0119 logopedyczn\u0105 i psychologiczno \u2013 pedagogiczn\u0105 oraz piel\u0119gniarsk\u0105. Zaj\u0119cia lekcyjne odbywaj\u0105 si\u0119 wy\u0142\u0105cznie w systemie jednozmianowym.<\/p>\n<p><a href=\"http:\/\/zso4.szczecin.pl\/podstawowka\/wp-content\/uploads\/sites\/3\/2022\/02\/7.jpg\"><img loading=\"lazy\" class=\"size-medium wp-image-4156 alignleft\" src=\"http:\/\/zso4.szczecin.pl\/podstawowka\/wp-content\/uploads\/sites\/3\/2022\/02\/7-300x240.jpg\" alt=\"\" width=\"300\" height=\"240\" srcset=\"https:\/\/zso4.szczecin.pl\/podstawowka\/wp-content\/uploads\/sites\/3\/2022\/02\/7-300x240.jpg 300w, https:\/\/zso4.szczecin.pl\/podstawowka\/wp-content\/uploads\/sites\/3\/2022\/02\/7-1024x819.jpg 1024w, https:\/\/zso4.szczecin.pl\/podstawowka\/wp-content\/uploads\/sites\/3\/2022\/02\/7-768x614.jpg 768w, https:\/\/zso4.szczecin.pl\/podstawowka\/wp-content\/uploads\/sites\/3\/2022\/02\/7-1536x1229.jpg 1536w, https:\/\/zso4.szczecin.pl\/podstawowka\/wp-content\/uploads\/sites\/3\/2022\/02\/7.jpg 2000w\" sizes=\"(max-width: 300px) 100vw, 300px\" \/><\/a>W \u015bwietlicy szkolnej czynnej od godziny 6.30 do 17.00, b\u0119dzie mo\u017cna po lekcjach odrobi\u0107 zadanie domowe, zagra\u0107 w gry planszowe, tworzy\u0107 budowle z klock\u00f3w, bawi\u0107 si\u0119 w k\u0105ciku lalek, zaanga\u017cowa\u0107 si\u0119 w dzia\u0142ania plastyczne i taneczne, obejrze\u0107 dobry film lub po prostu odpocz\u0105\u0107\u00a0i sp\u0119dzi\u0107 mi\u0142o czas. Czas wolny b\u0119dziemy sp\u0119dza\u0107\u00a0w formie gier i zabaw na \u015bwie\u017cym powietrzu.<\/p>\n<p><strong>Szko\u0142a uczestniczy w og\u00f3lnopolskich programach:<\/strong> Warzywa i owoce w szkole, Mleko i przetwory mleczne w szkole, Szko\u0142a czystych r\u0105k, Czytam z klas\u0105 \u2013 Lekturki spod chmurki.<\/p>\n<p>Szko\u0142a Podstawowa nr 2 z Oddzia\u0142ami Dwuj\u0119zycznymi w Szczecinie posiada wysoki poziom nauczania, wychowania oraz opieki, realizowany przez otwarto\u015b\u0107 na wiedz\u0119, umiej\u0119tno\u015b\u0107 korzystania z r\u00f3\u017cnych \u017ar\u00f3de\u0142 w celu zdobywania potrzebnych informacji i przetwarzania ich oraz w\u0142a\u015bciwie kszta\u0142tuje osobowo\u015b\u0107 dzieci. Szko\u0142a to plac\u00f3wka innowacyjna, nastawiona na osi\u0105ganie przez dzieci sukcesu. Program ukierunkowany jest na dziecko, jego potrzeby oraz umo\u017cliwia mu wszechstronny rozw\u00f3j osobowo\u015bci. Atmosfera sprzyja akceptacji ka\u017cdego ucznia, przeciwdzia\u0142a izolacji spo\u0142ecznej i nietolerancji. Rodzice s\u0105 partnerami uczestnicz\u0105cymi w \u017cyciu szko\u0142y. Wszyscy przestrzegaj\u0105 praw dziecka oraz dbaj\u0105 o dobre stosunki mi\u0119dzyludzkie. Szko\u0142a stwarza warunki sprzyjaj\u0105ce wsp\u00f3lnej i zgodnej nauce oraz zabawie dzieci o zr\u00f3\u017cnicowanych mo\u017cliwo\u015bciach fizycznych i intelektualnych. Kszta\u0142tuje u dzieci odporno\u015b\u0107 emocjonaln\u0105 konieczn\u0105 do racjonalnego radzenia sobie w nowych i trudnych sytuacjach w tym, tak\u017ce do \u0142agodnego znoszenia stres\u00f3w i pora\u017cek. Rozwija umiej\u0119tno\u015bci spo\u0142eczne dzieci. Buduje system warto\u015bci, naucza, wychowuje dzieci tak, aby lepiej orientowa\u0142y si\u0119, co dobre i co z\u0142e.<\/p>\n<p><a href=\"http:\/\/zso4.szczecin.pl\/podstawowka\/wp-content\/uploads\/sites\/3\/2022\/02\/11.jpg\"><img loading=\"lazy\" class=\"size-medium wp-image-4158 alignright\" src=\"http:\/\/zso4.szczecin.pl\/podstawowka\/wp-content\/uploads\/sites\/3\/2022\/02\/11-300x240.jpg\" alt=\"\" width=\"300\" height=\"240\" srcset=\"https:\/\/zso4.szczecin.pl\/podstawowka\/wp-content\/uploads\/sites\/3\/2022\/02\/11-300x240.jpg 300w, https:\/\/zso4.szczecin.pl\/podstawowka\/wp-content\/uploads\/sites\/3\/2022\/02\/11-1024x819.jpg 1024w, https:\/\/zso4.szczecin.pl\/podstawowka\/wp-content\/uploads\/sites\/3\/2022\/02\/11-768x614.jpg 768w, https:\/\/zso4.szczecin.pl\/podstawowka\/wp-content\/uploads\/sites\/3\/2022\/02\/11-1536x1229.jpg 1536w, https:\/\/zso4.szczecin.pl\/podstawowka\/wp-content\/uploads\/sites\/3\/2022\/02\/11.jpg 2000w\" sizes=\"(max-width: 300px) 100vw, 300px\" \/><\/a>Jeste\u015bmy szko\u0142\u0105 rodzinn\u0105. Ka\u017cde dziecko jest dla nas wa\u017cne. Robimy wszystko, aby czu\u0142o si\u0119 akceptowane i bezpieczne oraz pomagamy mu pozna\u0107 siebie, stawa\u0107 si\u0119 samodzielnym i otwartym na \u015bwiat. Wsp\u00f3lnie z Rodzicami stwarzamy dla naszych uczni\u00f3w przytulny i przyjazny \u201edrugi dom\u201d. Stawiamy na szcz\u0119\u015bliwe dzieci\u0144stwo i na wszechstronny rozw\u00f3j. Pragniemy, aby nasze dzieci by\u0142y zdrowe, bezpieczne, kochane i szanowane. D\u0105\u017cymy do tego, by w przysz\u0142o\u015bci umia\u0142y si\u0119 wykaza\u0107 m\u0105dro\u015bci\u0105 \u017cyciow\u0105, otwarto\u015bci\u0105 na siebie<br \/>\ni innych, kreatywno\u015bci\u0105 i Wielkim Sercem. Szko\u0142a \u015bci\u015ble wsp\u00f3\u0142pracuje<br \/>\nz rodzicami, uwzgl\u0119dnia ich potrzeby i oczekiwania. Anga\u017cuje rodzic\u00f3w do pracy na rzecz szko\u0142y. Rodzice s\u0105 naszymi sojusznikami, dzia\u0142ania nasze s\u0105 skoordynowane.<\/p>\n<p>Szko\u0142a prowadzi \u201edziennik elektroniczny\u201d \u2013 system internetowy umo\u017cliwiaj\u0105cy rodzicom\u00a0\u0142atwy i szybki kontakt z nauczycielami.<\/p>\n<p>W trosce o bezpiecze\u0144stwo szko\u0142a obj\u0119ta jest monitoringiem zewn\u0119trznym i wewn\u0119trznym,\u00a0a wej\u015bcie na jej teren jest mo\u017cliwe przy u\u017cyciu spersonalizowanego chipa. Ogrodzony teren i nadz\u00f3r ze strony pracownik\u00f3w szko\u0142y gwarantuje bezpieczne sp\u0119dzanie przerw na \u015bwie\u017cym powietrzu.<\/p>\n<p><strong>J\u0119zyki<\/strong><\/p>\n<p>Obowi\u0105zkowa nauka dw\u00f3ch j\u0119zyk\u00f3w obcych: j\u0119zyka angielskiego i j\u0119zyka w\u0142oskiego.<\/p>\n<p><strong><a href=\"http:\/\/zso4.szczecin.pl\/podstawowka\/wp-content\/uploads\/sites\/3\/2022\/02\/268780764_1373757973071648_4279750050566452068_n.jpg\"><img loading=\"lazy\" class=\"size-medium wp-image-4159 alignright\" src=\"http:\/\/zso4.szczecin.pl\/podstawowka\/wp-content\/uploads\/sites\/3\/2022\/02\/268780764_1373757973071648_4279750050566452068_n-300x225.jpg\" alt=\"\" width=\"300\" height=\"225\" srcset=\"https:\/\/zso4.szczecin.pl\/podstawowka\/wp-content\/uploads\/sites\/3\/2022\/02\/268780764_1373757973071648_4279750050566452068_n-300x225.jpg 300w, https:\/\/zso4.szczecin.pl\/podstawowka\/wp-content\/uploads\/sites\/3\/2022\/02\/268780764_1373757973071648_4279750050566452068_n-1024x768.jpg 1024w, https:\/\/zso4.szczecin.pl\/podstawowka\/wp-content\/uploads\/sites\/3\/2022\/02\/268780764_1373757973071648_4279750050566452068_n-768x576.jpg 768w, https:\/\/zso4.szczecin.pl\/podstawowka\/wp-content\/uploads\/sites\/3\/2022\/02\/268780764_1373757973071648_4279750050566452068_n.jpg 1368w\" sizes=\"(max-width: 300px) 100vw, 300px\" \/><\/a>Zaj\u0119cia pozalekcyjne<\/strong><\/p>\n<p>W ramach zaj\u0119\u0107 pozalekcyjnych prowadzone s\u0105 ko\u0142a zainteresowa\u0144 dla uczni\u00f3w klas 1-3: mi\u0119dzy innymi ko\u0142o artystyczne, matematyczno-informatyczne czy przyrodnicze, ko\u0142o dla uczni\u00f3w uzdolnionych przygotowuj\u0105ce do konkurs\u00f3w i rozwijaj\u0105ce ponadprzeci\u0119tne uzdolnienia.<\/p>\n<p>Poza uczestnictwem w zaj\u0119ciach obowi\u0105zkowych, uczniowie mog\u0105 bra\u0107 udzia\u0142 i rozwija\u0107 swoje pasje w licznych konkursach szkolnych, mi\u0119dzyszkolnych lub og\u00f3lnokrajowych. To mi\u0119dzy innymi: konkurs plastyczny z okazji Mi\u0119dzynarodowego Dnia Misia, konkurs plastyczny na mask\u0119 karnawa\u0142ow\u0105, Konkurs ,,Makieta Kosmosu&#8221;, konkurs przyrodniczo-ekologiczny, konkurs matematyczny, matematyczne potyczki karciane itp.<\/p>\n<p><strong>Dojazd<\/strong><\/p>\n<p>Budynek szko\u0142y znajduje si\u0119 w centrum Osiedla Zawadzkiego &#8211; Klonowica.<br \/>\nDojazd autobusami: 75, 53, 60, 80, 74; 105<\/p>\n<p>tramwaje: 1, 3, 4, 5, 7;<\/p>\n<p><strong>Osi\u0105gni\u0119cia<\/strong><\/p>\n<p>W roku szkolnym 2021\/2022 wygrali\u015bmy plastyczny konkurs ekologiczny ,,Nauka z klas\u0105\u201d organizowany przez firm\u0119 Kaufland- nagrod\u0119 w wysoko\u015bci 20 tys. z\u0142otych przeznaczono na wyposa\u017cenie nowoczesnej sali biologicznej.<\/p>\n<p>Uczniowie brali udzia\u0142 w r\u00f3\u017cnych konkursach, a w jednym z nich ,,Wok\u00f3\u0142 symboli narodowych\u201d organizowanym przez IPN co roku zajmuj\u0105\u00a0 I,II i III miejsce w\u015br\u00f3d uczestnik\u00f3w.<\/p>\n<p>Laureaci og\u00f3lnopolskiej olimpiady Olimpusek.<\/p>\n<p>Wyr\u00f3\u017cnienia w og\u00f3lnopolskim konkursie Alfik oraz Leon.<\/p>\n<p><strong>Historia<\/strong><\/p>\n<p>Szko\u0142a rozpocz\u0119\u0142a swoj\u0105 dzia\u0142alno\u015b\u0107 od 1 wrze\u015bnia 2017. Razem z Pa\u0144stwa dzie\u0107mi tworzymy now\u0105 histori\u0119.<\/p>\n<p><strong>Dodatkowe cechy<\/strong><\/p>\n<p>Zaj\u0119cia komputerowe<\/p>\n<p>&nbsp;<\/p>\n","protected":false},"excerpt":{"rendered":"<p>Szko\u0142a Podstawowa z Oddzia\u0142ami Dwuj\u0119zycznymi nr 2 istnieje od roku 2017 i wchodzi wraz z XI Liceum Og\u00f3lnokszta\u0142c\u0105cym z Oddzia\u0142ami Dwuj\u0119zycznymi w sk\u0142ad Zespo\u0142u Szk\u00f3\u0142 Og\u00f3lnokszta\u0142c\u0105cych Nr 4 w Szczecinie. Jest to nowoczesna szko\u0142a, kt\u00f3ra proponuje atrakcyjny i ciekawy program nauczania, opracowany z my\u015bl\u0105 o przysz\u0142o\u015bci swoich uczni\u00f3w. Szko\u0142a oferuje innowacyjn\u0105 edukacj\u0119 wczesnoszkoln\u0105 w klasach [&hellip;]<\/p>\n","protected":false},"author":1,"featured_media":0,"parent":0,"menu_order":0,"comment_status":"closed","ping_status":"closed","template":"","meta":{"_exactmetrics_skip_tracking":false,"_exactmetrics_sitenote_active":false,"_exactmetrics_sitenote_note":"","_exactmetrics_sitenote_category":0},"_links":{"self":[{"href":"https:\/\/zso4.szczecin.pl\/podstawowka\/wp-json\/wp\/v2\/pages\/1173"}],"collection":[{"href":"https:\/\/zso4.szczecin.pl\/podstawowka\/wp-json\/wp\/v2\/pages"}],"about":[{"href":"https:\/\/zso4.szczecin.pl\/podstawowka\/wp-json\/wp\/v2\/types\/page"}],"author":[{"embeddable":true,"href":"https:\/\/zso4.szczecin.pl\/podstawowka\/wp-json\/wp\/v2\/users\/1"}],"replies":[{"embeddable":true,"href":"https:\/\/zso4.szczecin.pl\/podstawowka\/wp-json\/wp\/v2\/comments?post=1173"}],"version-history":[{"count":14,"href":"https:\/\/zso4.szczecin.pl\/podstawowka\/wp-json\/wp\/v2\/pages\/1173\/revisions"}],"predecessor-version":[{"id":4168,"href":"https:\/\/zso4.szczecin.pl\/podstawowka\/wp-json\/wp\/v2\/pages\/1173\/revisions\/4168"}],"wp:attachment":[{"href":"https:\/\/zso4.szczecin.pl\/podstawowka\/wp-json\/wp\/v2\/media?parent=1173"}],"curies":[{"name":"wp","href":"https:\/\/api.w.org\/{rel}","templated":true}]}}