{"id":1153,"date":"2018-03-02T00:22:01","date_gmt":"2018-03-01T23:22:01","guid":{"rendered":"http:\/\/zso4.szczecin.pl\/podstawowka\/?page_id=1153"},"modified":"2024-02-21T13:47:47","modified_gmt":"2024-02-21T12:47:47","slug":"klasa-vii","status":"publish","type":"page","link":"https:\/\/zso4.szczecin.pl\/podstawowka\/klasa-vii\/","title":{"rendered":"Klasa VII"},"content":{"rendered":"<blockquote><p><span style=\"color: #000080;\"><a style=\"color: #000080;\" href=\"http:\/\/zso4.szczecin.pl\/podstawowka\/wp-content\/uploads\/sites\/3\/2024\/02\/Terminy-rekrutacji-do-klasy-7-1.pdf\" target=\"_blank\" rel=\"noopener\">Terminy rekrutacji do klasy 7<\/a><\/span><\/p>\n<p><span style=\"color: #000080;\"><a style=\"color: #000080;\" href=\"http:\/\/zso4.szczecin.pl\/podstawowka\/wp-content\/uploads\/sites\/3\/2023\/01\/Uchwala-w-sprawie-kryteriow-postepowania-rekrutacyjnego.pdf\" target=\"_blank\" rel=\"noopener\">Uchwa\u0142\u0119 nr XIII\/467\/19 Rady Miasta Szczecin z dnia 18 grudnia 2019 r. w sprawie okre\u015blenia kryteri\u00f3w post\u0119powania rekrutacyjnego do publicznych szk\u00f3\u0142 podstawowych prowadzonych przez Gmin\u0119 Miasto Szczecin oraz dokument\u00f3w niezb\u0119dnych do ich potwierdzenia.<\/a><\/span><\/p><\/blockquote>\n<p>&nbsp;<\/p>\n<blockquote><p><span style=\"color: #000080;\"><a style=\"color: #000080;\" role=\"link\" href=\"http:\/\/zso4.szczecin.pl\/podstawowka\/wp-content\/uploads\/sites\/3\/2020\/03\/Informacja-o-przetwarzaniu-danych-osobowych.pdf\" target=\"_blank\" rel=\"noopener\">Informacja o przetwarzaniu danych osobowych<\/a><\/span><\/p><\/blockquote>\n<p>&nbsp;<\/p>\n<p style=\"text-align: center;\"><strong>KLASA 7<\/strong><\/p>\n<p>Szko\u0142a Podstawowa nr 2 z Oddzia\u0142ami Dwuj\u0119zycznymi\u00a0 wchodzi wraz z XI Liceum Og\u00f3lnokszta\u0142c\u0105cym z Oddzia\u0142ami Dwuj\u0119zycznymi w sk\u0142ad Zespo\u0142u Szk\u00f3\u0142 Og\u00f3lnokszta\u0142c\u0105cych Nr 4 w Szczecinie. Jest to jedyna szko\u0142a w Szczecinie, w kt\u00f3rej od 16 \u00a0lat prowadzona jest nauka j\u0119zyka w\u0142oskiego w systemie dwuj\u0119zycznym.<\/p>\n<p>Od 1 wrze\u015bnia 2017 r. nauk\u0119 j\u0119zyka w\u0142oskiego w systemie dwuj\u0119zycznym rozpocz\u0119li\u015bmy w klasie VII Szko\u0142y Podstawowej Nr 2.<\/p>\n<p>Klasa VII sk\u0142ada\u0142a si\u0119 z grupy z j\u0119zykiem w\u0142oskim i grup ( w ka\u017cdej grupie po 15 uczni\u00f3w). Nauka j\u0119zyka b\u0119dzie realizowana w wymiarze pi\u0119ciu godzin tygodniowo. Zwi\u0119kszona ilo\u015b\u0107 godzin nauki j\u0119zyka pozwoli na poszerzenie wiadomo\u015bci, wzbogacenie zasobu s\u0142ownictwa w danym j\u0119zyku oraz wprowadzanie wielu \u0107wicze\u0144 rozwijaj\u0105cych umiej\u0119tno\u015b\u0107 konwersacji.<\/p>\n<p>W klasie VIII dodatkowo w j\u0119zyku obcym b\u0119d\u0105 nauczane dwa przedmioty og\u00f3lnokszta\u0142c\u0105ce. W celu realizacji zasady ,,poznawanie przez dzia\u0142anie\u2019\u2019 klasa odb\u0119dzie przynajmniej jedn\u0105 zagraniczn\u0105 wycieczk\u0119 edukacyjn\u0105. B\u0119d\u0105 prowadzone zaj\u0119cia z native speakerem.<\/p>\n<p>Naszym celem jest stworzenie bezpiecznej szko\u0142y przyjaznej dzieciom i rodzicom. B\u0119dziemy wspiera\u0107 aktywno\u015b\u0107 dzieci, rozwija\u0107 ich talenty, budowa\u0107 poczucie w\u0142asnej warto\u015bci. Umo\u017cliwimy rozw\u00f3j zdolno\u015bci poznawczych, b\u0119dziemy kszta\u0142towa\u0107 pozytywny stosunek do nauki, uczy\u0107 odpowiedzialno\u015bci za podj\u0119te dzia\u0142ania. Obejmiemy opiek\u0105 ka\u017cde dziecko, uwzgl\u0119dniaj\u0105c jego\u00a0\u00a0 potrzeby i mo\u017cliwo\u015bci.<\/p>\n<p>Szko\u0142a posiada nowoczesn\u0105 baz\u0119. Sale lekcyjne wyposa\u017cone s\u0105 w tablice interaktywne oraz rzutniki multimedialne.<\/p>\n<p>Jednym z priorytet\u00f3w naszej szko\u0142y jest rozw\u00f3j kultury fizycznej i sportu. Dysponujemy kompleksem nowoczesnych boisk, salami gimnastycznymi, si\u0142owni\u0105.<\/p>\n<p>Szko\u0142a udost\u0119pnia wszystkim uczniom osobiste kodowane szafki. Zapewniamy jednozmianowo\u015b\u0107 nauki. W trosce o bezpiecze\u0144stwo szko\u0142a obj\u0119ta jest monitoringiem zewn\u0119trznym i wewn\u0119trznym, a wej\u015bcie na jej teren jest mo\u017cliwe po okazaniu identyfikatora. Szko\u0142a oferuje uczniom opiek\u0119 psychologiczno \u2013 pedagogiczn\u0105 oraz piel\u0119gniarsk\u0105. Na terenie szko\u0142y funkcjonuj\u0105 sto\u0142\u00f3wka oraz sklepik. Szko\u0142a gwarantujemy tak\u017ce wsparcie coacha \u2013trenera, nauczyciela, kt\u00f3ry b\u0119dzie zapoznawa\u0107 m\u0142odzie\u017c ze skutecznymi technikami uczenia si\u0119, zarz\u0105dzania sob\u0105 i czasem w przyswajaniu wiedzy i umiej\u0119tno\u015bci j\u0119zykowych. Nauczyciel\u00a0 b\u0119dzie tak\u017ce wspiera\u0142 i motywowa\u0142 m\u0142odych ludzi do nie\u0142atwej pracy, jak\u0105 jest poznawanie nowego j\u0119zyka.<\/p>\n<p>W szkole organizowane s\u0105\u00a0 zaj\u0119cia pozalekcyjne dla dzieci\u00a0 chc\u0105cych rozwija\u0107 swoje zainteresowania oraz dla tych, kt\u00f3re potrzebuj\u0105 wsparcia w wyr\u00f3wnywaniu poziomu wiedzy. Uczniowie aktywnie uczestnicz\u0105 w dzia\u0142alno\u015bci Szkolnego Ko\u0142a Turystycznego &#8211; Krajoznawczego, bior\u0105 udzia\u0142 w rajdach i wycieczkach po Szczecinie. Cz\u0119\u015b\u0107 zaj\u0119\u0107 odbywa si\u0119 w formie\u00a0 warsztatowej, np. w laboratorium \u00a0na Wydziale Biotechnologii i Hodowli Zwierz\u0105t. Uczniowie wdra\u017caj\u0105 si\u0119 do pracy metod\u0105 projektu, szczeg\u00f3lnie na j\u0119zyku angielskim. W tym roku szkolnym uczniowie realizuj\u0105 projekt ,,My hobby\u2019\u2019 oraz ,,Natural Disasters\u2019\u2019.<\/p>\n<p>Uczniowie maj\u0105 mo\u017cliwo\u015b\u0107 uczestniczenia\u00a0 w warsztatach na temat metod uczenia si\u0119.<\/p>\n<p>Cho\u0107 Szko\u0142a Podstawowa nr 2 funkcjonuje od wrze\u015bnia 2017 roku, to jej uczniowie\u00a0 bior\u0105 aktywny udzia\u0142 w konkursach przedmiotowych organizowanych przez Zachodniopomorskie Kuratorium O\u015bwiaty i osi\u0105gaj\u0105 w nich tytu\u0142y laureat\u00f3w i finalist\u00f3w. Otrzymuj\u0105 te\u017c stypendia Prezydenta Miasta Szczecin.<\/p>\n<p style=\"font-weight: 400;\"><b><strong>Dojazd<\/strong><\/b><\/p>\n<p style=\"font-weight: 400;\">Budynek szko\u0142y znajduje si\u0119 w centrum Osiedla Zawadzkiego &#8211; Klonowica.<br \/>\nDojazd autobusami: 75, 53, 60, 80, 74; 105<\/p>\n<p style=\"font-weight: 400;\">tramwaje: 1, 3, 4, 5, 7;<\/p>\n<p>&nbsp;<\/p>\n<p><strong>\u00a0<\/strong><\/p>\n<blockquote><p>Pe\u0142na lista wymaganych dokument\u00f3w <a href=\"https:\/\/nabor.pcss.pl\/szczecin\/klasa7\/dokumenty\" target=\"_blank\" rel=\"noopener\"><span style=\"color: #000080;\">TU.<\/span><\/a><\/p>\n<p><span style=\"color: #000080;\"><a style=\"color: #000080;\" href=\"http:\/\/zso4.szczecin.pl\/podstawowka\/wp-content\/uploads\/sites\/3\/2021\/03\/Wniosek-o-przyj\u0119cie-dziecka-do-klasy-VII-SP.pdf\" target=\"_blank\" rel=\"noopener\">Wniosek do klasy 7<\/a><\/span><\/p><\/blockquote>\n\n\t\t<style type=\"text\/css\">\n\t\t\t#gallery-1 {\n\t\t\t\tmargin: auto;\n\t\t\t}\n\t\t\t#gallery-1 .gallery-item {\n\t\t\t\tfloat: left;\n\t\t\t\tmargin-top: 10px;\n\t\t\t\ttext-align: center;\n\t\t\t\twidth: 33%;\n\t\t\t}\n\t\t\t#gallery-1 img {\n\t\t\t\tborder: 2px solid #cfcfcf;\n\t\t\t}\n\t\t\t#gallery-1 .gallery-caption {\n\t\t\t\tmargin-left: 0;\n\t\t\t}\n\t\t\t\/* see gallery_shortcode() in wp-includes\/media.php *\/\n\t\t<\/style>\n\t\t<div id='gallery-1' class='gallery galleryid-1153 gallery-columns-3 gallery-size-medium'><dl class='gallery-item'>\n\t\t\t<dt class='gallery-icon portrait'>\n\t\t\t\t<a class=\"grouped_elements\" rel=\"tc-fancybox-group\" href=\"https:\/\/zso4.szczecin.pl\/podstawowka\/wp-content\/uploads\/sites\/3\/2018\/02\/received_1975332796059762.jpeg\" title=\"received_1975332796059762\"><img width=\"225\" height=\"300\" src=\"https:\/\/zso4.szczecin.pl\/podstawowka\/wp-content\/uploads\/sites\/3\/2018\/02\/received_1975332796059762-225x300.jpeg\" class=\"attachment-medium size-medium\" alt=\"\" loading=\"lazy\" srcset=\"https:\/\/zso4.szczecin.pl\/podstawowka\/wp-content\/uploads\/sites\/3\/2018\/02\/received_1975332796059762-225x300.jpeg 225w, https:\/\/zso4.szczecin.pl\/podstawowka\/wp-content\/uploads\/sites\/3\/2018\/02\/received_1975332796059762-768x1024.jpeg 768w\" sizes=\"(max-width: 225px) 100vw, 225px\" \/><\/a>\n\t\t\t<\/dt><\/dl><dl class='gallery-item'>\n\t\t\t<dt class='gallery-icon portrait'>\n\t\t\t\t<a class=\"grouped_elements\" rel=\"tc-fancybox-group\" href=\"https:\/\/zso4.szczecin.pl\/podstawowka\/wp-content\/uploads\/sites\/3\/2018\/02\/received_1975332619393113.jpeg\" title=\"received_1975332619393113\"><img width=\"225\" height=\"300\" src=\"https:\/\/zso4.szczecin.pl\/podstawowka\/wp-content\/uploads\/sites\/3\/2018\/02\/received_1975332619393113-225x300.jpeg\" class=\"attachment-medium size-medium\" alt=\"\" loading=\"lazy\" srcset=\"https:\/\/zso4.szczecin.pl\/podstawowka\/wp-content\/uploads\/sites\/3\/2018\/02\/received_1975332619393113-225x300.jpeg 225w, https:\/\/zso4.szczecin.pl\/podstawowka\/wp-content\/uploads\/sites\/3\/2018\/02\/received_1975332619393113-768x1024.jpeg 768w\" sizes=\"(max-width: 225px) 100vw, 225px\" \/><\/a>\n\t\t\t<\/dt><\/dl><dl class='gallery-item'>\n\t\t\t<dt class='gallery-icon landscape'>\n\t\t\t\t<a class=\"grouped_elements\" rel=\"tc-fancybox-group\" href=\"https:\/\/zso4.szczecin.pl\/podstawowka\/wp-content\/uploads\/sites\/3\/2018\/02\/EE2EC6A0-1791-4F94-9534-F415FB25EA62.jpeg\" title=\"EE2EC6A0-1791-4F94-9534-F415FB25EA62\"><img width=\"300\" height=\"225\" src=\"https:\/\/zso4.szczecin.pl\/podstawowka\/wp-content\/uploads\/sites\/3\/2018\/02\/EE2EC6A0-1791-4F94-9534-F415FB25EA62-300x225.jpeg\" class=\"attachment-medium size-medium\" alt=\"\" loading=\"lazy\" srcset=\"https:\/\/zso4.szczecin.pl\/podstawowka\/wp-content\/uploads\/sites\/3\/2018\/02\/EE2EC6A0-1791-4F94-9534-F415FB25EA62-300x225.jpeg 300w, https:\/\/zso4.szczecin.pl\/podstawowka\/wp-content\/uploads\/sites\/3\/2018\/02\/EE2EC6A0-1791-4F94-9534-F415FB25EA62.jpeg 600w\" sizes=\"(max-width: 300px) 100vw, 300px\" \/><\/a>\n\t\t\t<\/dt><\/dl><br style=\"clear: both\" \/><dl class='gallery-item'>\n\t\t\t<dt class='gallery-icon landscape'>\n\t\t\t\t<a class=\"grouped_elements\" rel=\"tc-fancybox-group\" href=\"https:\/\/zso4.szczecin.pl\/podstawowka\/wp-content\/uploads\/sites\/3\/2017\/12\/received_1946487095610999.jpeg\" title=\"received_1946487095610999\"><img width=\"300\" height=\"225\" src=\"https:\/\/zso4.szczecin.pl\/podstawowka\/wp-content\/uploads\/sites\/3\/2017\/12\/received_1946487095610999-300x225.jpeg\" class=\"attachment-medium size-medium\" alt=\"\" loading=\"lazy\" srcset=\"https:\/\/zso4.szczecin.pl\/podstawowka\/wp-content\/uploads\/sites\/3\/2017\/12\/received_1946487095610999-300x225.jpeg 300w, https:\/\/zso4.szczecin.pl\/podstawowka\/wp-content\/uploads\/sites\/3\/2017\/12\/received_1946487095610999-768x576.jpeg 768w, https:\/\/zso4.szczecin.pl\/podstawowka\/wp-content\/uploads\/sites\/3\/2017\/12\/received_1946487095610999-1024x768.jpeg 1024w, https:\/\/zso4.szczecin.pl\/podstawowka\/wp-content\/uploads\/sites\/3\/2017\/12\/received_1946487095610999.jpeg 1280w\" sizes=\"(max-width: 300px) 100vw, 300px\" \/><\/a>\n\t\t\t<\/dt><\/dl><dl class='gallery-item'>\n\t\t\t<dt class='gallery-icon landscape'>\n\t\t\t\t<a class=\"grouped_elements\" rel=\"tc-fancybox-group\" href=\"https:\/\/zso4.szczecin.pl\/podstawowka\/wp-content\/uploads\/sites\/3\/2017\/12\/DSC_0147.jpg\" title=\"DSC_0147\"><img width=\"300\" height=\"169\" src=\"https:\/\/zso4.szczecin.pl\/podstawowka\/wp-content\/uploads\/sites\/3\/2017\/12\/DSC_0147-300x169.jpg\" class=\"attachment-medium size-medium\" alt=\"\" loading=\"lazy\" srcset=\"https:\/\/zso4.szczecin.pl\/podstawowka\/wp-content\/uploads\/sites\/3\/2017\/12\/DSC_0147-300x169.jpg 300w, https:\/\/zso4.szczecin.pl\/podstawowka\/wp-content\/uploads\/sites\/3\/2017\/12\/DSC_0147.jpg 700w\" sizes=\"(max-width: 300px) 100vw, 300px\" \/><\/a>\n\t\t\t<\/dt><\/dl><dl class='gallery-item'>\n\t\t\t<dt class='gallery-icon landscape'>\n\t\t\t\t<a class=\"grouped_elements\" rel=\"tc-fancybox-group\" href=\"https:\/\/zso4.szczecin.pl\/podstawowka\/wp-content\/uploads\/sites\/3\/2017\/12\/DSCN5031.jpg\" title=\"DSCN5031\"><img width=\"300\" height=\"225\" src=\"https:\/\/zso4.szczecin.pl\/podstawowka\/wp-content\/uploads\/sites\/3\/2017\/12\/DSCN5031-300x225.jpg\" class=\"attachment-medium size-medium\" alt=\"\" loading=\"lazy\" srcset=\"https:\/\/zso4.szczecin.pl\/podstawowka\/wp-content\/uploads\/sites\/3\/2017\/12\/DSCN5031-300x225.jpg 300w, https:\/\/zso4.szczecin.pl\/podstawowka\/wp-content\/uploads\/sites\/3\/2017\/12\/DSCN5031.jpg 600w\" sizes=\"(max-width: 300px) 100vw, 300px\" \/><\/a>\n\t\t\t<\/dt><\/dl><br style=\"clear: both\" \/><dl class='gallery-item'>\n\t\t\t<dt class='gallery-icon landscape'>\n\t\t\t\t<a class=\"grouped_elements\" rel=\"tc-fancybox-group\" href=\"https:\/\/zso4.szczecin.pl\/podstawowka\/wp-content\/uploads\/sites\/3\/2017\/11\/wycieczki-gim2.jpg\" title=\"wycieczki gim2\"><img width=\"300\" height=\"284\" src=\"https:\/\/zso4.szczecin.pl\/podstawowka\/wp-content\/uploads\/sites\/3\/2017\/11\/wycieczki-gim2-300x284.jpg\" class=\"attachment-medium size-medium\" alt=\"\" loading=\"lazy\" srcset=\"https:\/\/zso4.szczecin.pl\/podstawowka\/wp-content\/uploads\/sites\/3\/2017\/11\/wycieczki-gim2-300x284.jpg 300w, https:\/\/zso4.szczecin.pl\/podstawowka\/wp-content\/uploads\/sites\/3\/2017\/11\/wycieczki-gim2-768x727.jpg 768w, https:\/\/zso4.szczecin.pl\/podstawowka\/wp-content\/uploads\/sites\/3\/2017\/11\/wycieczki-gim2.jpg 1024w\" sizes=\"(max-width: 300px) 100vw, 300px\" \/><\/a>\n\t\t\t<\/dt><\/dl><dl class='gallery-item'>\n\t\t\t<dt class='gallery-icon landscape'>\n\t\t\t\t<a class=\"grouped_elements\" rel=\"tc-fancybox-group\" href=\"https:\/\/zso4.szczecin.pl\/podstawowka\/wp-content\/uploads\/sites\/3\/2017\/03\/b78afe_d1f094df8bd54546bf7b5a436ef7dc80-mv2.jpg\" title=\"b78afe_d1f094df8bd54546bf7b5a436ef7dc80-mv2\"><img width=\"300\" height=\"225\" src=\"https:\/\/zso4.szczecin.pl\/podstawowka\/wp-content\/uploads\/sites\/3\/2017\/03\/b78afe_d1f094df8bd54546bf7b5a436ef7dc80-mv2-300x225.jpg\" class=\"attachment-medium size-medium\" alt=\"\" loading=\"lazy\" srcset=\"https:\/\/zso4.szczecin.pl\/podstawowka\/wp-content\/uploads\/sites\/3\/2017\/03\/b78afe_d1f094df8bd54546bf7b5a436ef7dc80-mv2-300x225.jpg 300w, https:\/\/zso4.szczecin.pl\/podstawowka\/wp-content\/uploads\/sites\/3\/2017\/03\/b78afe_d1f094df8bd54546bf7b5a436ef7dc80-mv2.jpg 667w\" sizes=\"(max-width: 300px) 100vw, 300px\" \/><\/a>\n\t\t\t<\/dt><\/dl>\n\t\t\t<br style='clear: both' \/>\n\t\t<\/div>\n\n<p><a href=\"https:\/\/nabor.pcss.pl\/szczecin\/\" target=\"_blank\" rel=\"noopener\"><img loading=\"lazy\" class=\"alignright wp-image-3440 size-full\" src=\"http:\/\/zso4.szczecin.pl\/podstawowka\/wp-content\/uploads\/sites\/3\/2020\/03\/unnamed.png\" alt=\"\" width=\"367\" height=\"163\" srcset=\"https:\/\/zso4.szczecin.pl\/podstawowka\/wp-content\/uploads\/sites\/3\/2020\/03\/unnamed.png 367w, https:\/\/zso4.szczecin.pl\/podstawowka\/wp-content\/uploads\/sites\/3\/2020\/03\/unnamed-300x133.png 300w\" sizes=\"(max-width: 367px) 100vw, 367px\" \/><\/a><\/p>\n","protected":false},"excerpt":{"rendered":"<p>Terminy rekrutacji do klasy 7 Uchwa\u0142\u0119 nr XIII\/467\/19 Rady Miasta Szczecin z dnia 18 grudnia 2019 r. w sprawie okre\u015blenia kryteri\u00f3w post\u0119powania rekrutacyjnego do publicznych szk\u00f3\u0142 podstawowych prowadzonych przez Gmin\u0119 Miasto Szczecin oraz dokument\u00f3w niezb\u0119dnych do ich potwierdzenia. &nbsp; Informacja o przetwarzaniu danych osobowych &nbsp; KLASA 7 Szko\u0142a Podstawowa nr 2 z Oddzia\u0142ami Dwuj\u0119zycznymi\u00a0 wchodzi [&hellip;]<\/p>\n","protected":false},"author":1,"featured_media":0,"parent":0,"menu_order":0,"comment_status":"closed","ping_status":"closed","template":"","meta":{"_exactmetrics_skip_tracking":false,"_exactmetrics_sitenote_active":false,"_exactmetrics_sitenote_note":"","_exactmetrics_sitenote_category":0},"_links":{"self":[{"href":"https:\/\/zso4.szczecin.pl\/podstawowka\/wp-json\/wp\/v2\/pages\/1153"}],"collection":[{"href":"https:\/\/zso4.szczecin.pl\/podstawowka\/wp-json\/wp\/v2\/pages"}],"about":[{"href":"https:\/\/zso4.szczecin.pl\/podstawowka\/wp-json\/wp\/v2\/types\/page"}],"author":[{"embeddable":true,"href":"https:\/\/zso4.szczecin.pl\/podstawowka\/wp-json\/wp\/v2\/users\/1"}],"replies":[{"embeddable":true,"href":"https:\/\/zso4.szczecin.pl\/podstawowka\/wp-json\/wp\/v2\/comments?post=1153"}],"version-history":[{"count":33,"href":"https:\/\/zso4.szczecin.pl\/podstawowka\/wp-json\/wp\/v2\/pages\/1153\/revisions"}],"predecessor-version":[{"id":7530,"href":"https:\/\/zso4.szczecin.pl\/podstawowka\/wp-json\/wp\/v2\/pages\/1153\/revisions\/7530"}],"wp:attachment":[{"href":"https:\/\/zso4.szczecin.pl\/podstawowka\/wp-json\/wp\/v2\/media?parent=1153"}],"curies":[{"name":"wp","href":"https:\/\/api.w.org\/{rel}","templated":true}]}}