{"id":279,"date":"2017-11-05T13:35:12","date_gmt":"2017-11-05T12:35:12","guid":{"rendered":"http:\/\/zsoszczevi.cluster023.hosting.ovh.net\/liceum\/?page_id=279"},"modified":"2018-01-04T21:41:54","modified_gmt":"2018-01-04T20:41:54","slug":"stolowka","status":"publish","type":"page","link":"https:\/\/zso4.szczecin.pl\/liceum\/stolowka\/","title":{"rendered":"STO\u0141\u00d3WKA"},"content":{"rendered":"<div id=\"i1mk5g5r\" class=\"app1\" data-state=\"content\" data-reactid=\".0.$SITE_ROOT.$desktop_siteRoot.$PAGES_CONTAINER.$centeredContent.$inlineContent.$SITE_PAGES.$c1epa_DESKTOP.$inlineContent.$i1mk5g5r\" data-dynamic-height=\"true\">\n<div id=\"i1mk5g5rinlineContent\" class=\"app1inlineContent\" data-reactid=\".0.$SITE_ROOT.$desktop_siteRoot.$PAGES_CONTAINER.$centeredContent.$inlineContent.$SITE_PAGES.$c1epa_DESKTOP.$inlineContent.$i1mk5g5r.$inlineContent\">\n<div id=\"FaqListView_i1mk5g3r47_Array__0\" class=\" \" data-reactid=\".0.$SITE_ROOT.$desktop_siteRoot.$PAGES_CONTAINER.$centeredContent.$inlineContent.$SITE_PAGES.$c1epa_DESKTOP.$inlineContent.$i1mk5g5r.$inlineContent.0\">\n<div id=\"i1mk5g5r_FaqListView_i1mk5g3r47_Array__0_0_def_0\" class=\" flex_vbox\" data-reactid=\".0.$SITE_ROOT.$desktop_siteRoot.$PAGES_CONTAINER.$centeredContent.$inlineContent.$SITE_PAGES.$c1epa_DESKTOP.$inlineContent.$i1mk5g5r.$inlineContent.0.$child\">\n<div id=\"i1mk5g5r_FaqListView_i1mk5g3r47_Array__0_0_paginatedlist\" class=\"s_pQyQInlineSkin\" data-reactid=\".0.$SITE_ROOT.$desktop_siteRoot.$PAGES_CONTAINER.$centeredContent.$inlineContent.$SITE_PAGES.$c1epa_DESKTOP.$inlineContent.$i1mk5g5r.$inlineContent.0.$child.$0\">\n<div id=\"i1mk5g5r_FaqListView_i1mk5g3r47_Array__0_0_paginatedlistinlineContent\" class=\"s_pQyQInlineSkininlineContent\" data-reactid=\".0.$SITE_ROOT.$desktop_siteRoot.$PAGES_CONTAINER.$centeredContent.$inlineContent.$SITE_PAGES.$c1epa_DESKTOP.$inlineContent.$i1mk5g5r.$inlineContent.0.$child.$0.$inlineContent\">\n<div id=\"i1mk5g5r_FaqListView_i1mk5g3r47_Array__0_0_0_positionInParent_default\" class=\" flex_vbox\" data-reactid=\".0.$SITE_ROOT.$desktop_siteRoot.$PAGES_CONTAINER.$centeredContent.$inlineContent.$SITE_PAGES.$c1epa_DESKTOP.$inlineContent.$i1mk5g5r.$inlineContent.0.$child.$0.$inlineContent.$0\">\n<div id=\"FaqListView_i1mk5g3r47_FaqList_i1mk5g3o46__0_0_0\" class=\" \" data-reactid=\".0.$SITE_ROOT.$desktop_siteRoot.$PAGES_CONTAINER.$centeredContent.$inlineContent.$SITE_PAGES.$c1epa_DESKTOP.$inlineContent.$i1mk5g5r.$inlineContent.0.$child.$0.$inlineContent.$0.$0\">\n<div id=\"i1mk5g5r_FaqListView_i1mk5g3r47_FaqList_i1mk5g3o46__0_0_0_0_def_0\" class=\" flex_vbox\" data-reactid=\".0.$SITE_ROOT.$desktop_siteRoot.$PAGES_CONTAINER.$centeredContent.$inlineContent.$SITE_PAGES.$c1epa_DESKTOP.$inlineContent.$i1mk5g5r.$inlineContent.0.$child.$0.$inlineContent.$0.$0.$child\">\n<div id=\"i1mk5g5r_FaqListView_i1mk5g3r47_FaqList_i1mk5g3o46__0_0_0_0_def_3\" class=\"flex_display\" data-reactid=\".0.$SITE_ROOT.$desktop_siteRoot.$PAGES_CONTAINER.$centeredContent.$inlineContent.$SITE_PAGES.$c1epa_DESKTOP.$inlineContent.$i1mk5g5r.$inlineContent.0.$child.$0.$inlineContent.$0.$0.$child.$2\">\n<div id=\"i1mk5g5r_FaqListView_i1mk5g3r47_FaqList_i1mk5g3o46__0_0_0_0_leftToCenterSpacer_child\" data-reactid=\".0.$SITE_ROOT.$desktop_siteRoot.$PAGES_CONTAINER.$centeredContent.$inlineContent.$SITE_PAGES.$c1epa_DESKTOP.$inlineContent.$i1mk5g5r.$inlineContent.0.$child.$0.$inlineContent.$0.$0.$child.$2.$1\">\n<p style=\"text-align: center;\"><strong>OP\u0141ATA\u00a0\u00a0 ZA\u00a0\u00a0 STYCZE\u0143\u00a0 2018<\/strong><\/p>\n<p style=\"text-align: center;\"><strong>12 DNI\u00a0\u00a0\u00a0 \u017bYWIENIOWYCH<\/strong><\/p>\n<p>CA\u0141ODZIENNE (z obiadem pi\u0105tkowym)\u00a0\u00a0\u00a0\u00a0 &#8211;\u00a0 148,00<\/p>\n<p>CA\u0141ODZIENNE (bez obiadu pi\u0105tkowego)\u00a0\u00a0 &#8211;\u00a0 138,00<\/p>\n<p>POBYT dla uczni\u00f3w ZSO Nr 4\u00a0\u00a0\u00a0\u00a0\u00a0\u00a0\u00a0\u00a0\u00a0\u00a0\u00a0\u00a0\u00a0\u00a0\u00a0\u00a0\u00a0\u00a0\u00a0\u00a0\u00a0 &#8211;\u00a0 120,00<\/p>\n<p>POBYT\u00a0\u00a0\u00a0\u00a0\u00a0\u00a0\u00a0\u00a0\u00a0\u00a0\u00a0\u00a0\u00a0\u00a0\u00a0\u00a0\u00a0\u00a0\u00a0\u00a0\u00a0\u00a0\u00a0\u00a0\u00a0\u00a0\u00a0\u00a0\u00a0\u00a0\u00a0\u00a0\u00a0\u00a0\u00a0\u00a0\u00a0\u00a0\u00a0\u00a0\u00a0\u00a0\u00a0 \u00a0\u00a0\u00a0\u00a0\u00a0\u00a0\u00a0\u00a0\u00a0\u00a0\u00a0\u00a0\u00a0\u00a0\u00a0&#8211;\u00a0 140,00<\/p>\n<p><strong>OBIAD 5,00 &#8211;\u00a0\u00a0 12\u00a0 DNI\u00a0\u00a0\u00a0\u00a0\u00a0\u00a0\u00a0\u00a0\u00a0\u00a0\u00a0\u00a0\u00a0\u00a0\u00a0\u00a0\u00a0\u00a0\u00a0\u00a0\u00a0\u00a0\u00a0\u00a0\u00a0\u00a0\u00a0\u00a0\u00a0\u00a0\u00a0 &#8211;\u00a0 60,00<\/strong><\/p>\n<p>&nbsp;<\/p>\n<p style=\"text-align: center;\"><strong>OP\u0141ATA\u00a0\u00a0 ZA\u00a0 LUTY\u00a0 2018<\/strong><\/p>\n<p style=\"text-align: center;\"><strong>20 DNI\u00a0\u00a0\u00a0 \u017bYWIENIOWYCH<\/strong><\/p>\n<p>CA\u0141ODZIENNE (z obiadem pi\u0105tkowym)\u00a0\u00a0\u00a0\u00a0 &#8211;\u00a0 244,00<\/p>\n<p>CA\u0141ODZIENNE (bez obiadu pi\u0105tkowego)\u00a0\u00a0 &#8211;\u00a0 224,00<\/p>\n<p>POBYT dla uczni\u00f3w ZSO Nr 4\u00a0\u00a0\u00a0\u00a0\u00a0\u00a0\u00a0\u00a0\u00a0\u00a0\u00a0\u00a0\u00a0\u00a0\u00a0\u00a0\u00a0\u00a0\u00a0\u00a0\u00a0 &#8211;\u00a0 120,00<\/p>\n<p>POBYT\u00a0\u00a0\u00a0\u00a0\u00a0\u00a0\u00a0\u00a0\u00a0\u00a0\u00a0\u00a0\u00a0\u00a0\u00a0\u00a0\u00a0\u00a0\u00a0\u00a0\u00a0\u00a0\u00a0\u00a0\u00a0\u00a0\u00a0\u00a0\u00a0\u00a0\u00a0\u00a0\u00a0\u00a0\u00a0\u00a0\u00a0\u00a0\u00a0\u00a0\u00a0\u00a0\u00a0\u00a0\u00a0\u00a0\u00a0\u00a0\u00a0\u00a0\u00a0\u00a0\u00a0\u00a0\u00a0\u00a0\u00a0\u00a0 &#8211;\u00a0 140,00<\/p>\n<p><strong>OBIAD 5,00 &#8211;\u00a0\u00a0 20\u00a0 DNI\u00a0\u00a0\u00a0\u00a0\u00a0\u00a0\u00a0\u00a0\u00a0\u00a0\u00a0\u00a0\u00a0\u00a0\u00a0\u00a0\u00a0\u00a0\u00a0\u00a0\u00a0\u00a0\u00a0\u00a0\u00a0\u00a0\u00a0\u00a0\u00a0\u00a0\u00a0 &#8211;\u00a0 100,00<\/strong><\/p>\n<p>&nbsp;<\/p>\n<\/div>\n<div id=\"i1mk5g5r_FaqListView_i1mk5g3r47_FaqList_i1mk5g3o46__0_0_0_0_Center\" class=\"flex_display flex_vbox\" data-reactid=\".0.$SITE_ROOT.$desktop_siteRoot.$PAGES_CONTAINER.$centeredContent.$inlineContent.$SITE_PAGES.$c1epa_DESKTOP.$inlineContent.$i1mk5g5r.$inlineContent.0.$child.$0.$inlineContent.$0.$0.$child.$2.$2\">\n<div id=\"i1mk5g5r_FaqListView_i1mk5g3r47_FaqList_i1mk5g3o46__0_0_0_0_text_1\" class=\"\" data-reactid=\".0.$SITE_ROOT.$desktop_siteRoot.$PAGES_CONTAINER.$centeredContent.$inlineContent.$SITE_PAGES.$c1epa_DESKTOP.$inlineContent.$i1mk5g5r.$inlineContent.0.$child.$0.$inlineContent.$0.$0.$child.$2.$2.$0\">\n<div id=\"i1mk5g5r_FaqListView_i1mk5g3r47_FaqList_i1mk5g3o46__0_0_0_0_text_1\" class=\"flex_display flex_vbox\" data-reactid=\".0.$SITE_ROOT.$desktop_siteRoot.$PAGES_CONTAINER.$centeredContent.$inlineContent.$SITE_PAGES.$c1epa_DESKTOP.$inlineContent.$i1mk5g5r.$inlineContent.0.$child.$0.$inlineContent.$0.$0.$child.$2.$2.$0.$0\">\n<div id=\"i1mk5g5r_FaqListView_i1mk5g3r47_FaqList_i1mk5g3o46__0_0_0_0_text_1_proxy\" class=\"s_usaAWRichTextClickableSkin\" data-reactid=\".0.$SITE_ROOT.$desktop_siteRoot.$PAGES_CONTAINER.$centeredContent.$inlineContent.$SITE_PAGES.$c1epa_DESKTOP.$inlineContent.$i1mk5g5r.$inlineContent.0.$child.$0.$inlineContent.$0.$0.$child.$2.$2.$0.$0.$0\">\n<div id=\"i1mk5g5r_FaqListView_i1mk5g3r47_FaqList_i1mk5g3o46__0_0_0_0_text_1_proxyrichTextContainer\" class=\"s_usaAWRichTextClickableSkin_richTextContainer s_usaAWRichTextClickableSkinrichTextContainer\" data-reactid=\".0.$SITE_ROOT.$desktop_siteRoot.$PAGES_CONTAINER.$centeredContent.$inlineContent.$SITE_PAGES.$c1epa_DESKTOP.$inlineContent.$i1mk5g5r.$inlineContent.0.$child.$0.$inlineContent.$0.$0.$child.$2.$2.$0.$0.$0.$richTextContainer\">\n<blockquote>\n<p class=\"font_6\"><strong><em>PONIEDZIA\u0141EK &#8211; CZWARTEK<\/em><\/strong><\/p>\n<p class=\"font_6\"><span style=\"font-weight: inherit;\">\u00a0<\/span><span style=\"font-weight: inherit;\">\u00a0<\/span><span style=\"font-weight: inherit;\">\u015aniadanie \u00a0 06:30 &#8211; 8:00\u00a0 Obiad \u00a0 \u00a0 \u00a0 \u00a0 13:30 &#8211; 16:00\u00a0 \u00a0 \u00a0 Kolacja \u00a0 \u00a0 \u00a0 18:00 &#8211; 19:00<\/span><\/p>\n<p class=\"font_6\"><span style=\"font-weight: inherit;\">\u00a0<\/span><strong><em>PI\u0104TEK<\/em><\/strong><span style=\"font-weight: inherit;\">\u00a0<\/span><span style=\"font-weight: inherit;\">\u00a0<\/span><\/p>\n<p class=\"font_6\"><span style=\"font-weight: inherit;\">\u015aniadanie \u00a0 06:30 &#8211; 8:00\u00a0 Obiad \u00a0 \u00a0 \u00a0 \u00a0 12:30 &#8211; 15:30<\/span><\/p>\n<\/blockquote>\n<\/div>\n<\/div>\n<\/div>\n<\/div>\n<\/div>\n<\/div>\n<\/div>\n<\/div>\n<\/div>\n<div id=\"i1mk5g5r_FaqListView_i1mk5g3r47_Array__0_0_1_positionInParent_last\" class=\" flex_vbox\" data-reactid=\".0.$SITE_ROOT.$desktop_siteRoot.$PAGES_CONTAINER.$centeredContent.$inlineContent.$SITE_PAGES.$c1epa_DESKTOP.$inlineContent.$i1mk5g5r.$inlineContent.0.$child.$0.$inlineContent.$1\">\n<div id=\"FaqListView_i1mk5g3r47_FaqList_i1mk5g3o46__0_0_1\" class=\" \" data-reactid=\".0.$SITE_ROOT.$desktop_siteRoot.$PAGES_CONTAINER.$centeredContent.$inlineContent.$SITE_PAGES.$c1epa_DESKTOP.$inlineContent.$i1mk5g5r.$inlineContent.0.$child.$0.$inlineContent.$1.$0\">\n<div id=\"i1mk5g5r_FaqListView_i1mk5g3r47_FaqList_i1mk5g3o46__0_0_1_0_def_0\" class=\" flex_vbox\" data-reactid=\".0.$SITE_ROOT.$desktop_siteRoot.$PAGES_CONTAINER.$centeredContent.$inlineContent.$SITE_PAGES.$c1epa_DESKTOP.$inlineContent.$i1mk5g5r.$inlineContent.0.$child.$0.$inlineContent.$1.$0.$child\">\n<div id=\"i1mk5g5r_FaqListView_i1mk5g3r47_FaqList_i1mk5g3o46__0_0_1_0_bottomSpacer_child\" data-reactid=\".0.$SITE_ROOT.$desktop_siteRoot.$PAGES_CONTAINER.$centeredContent.$inlineContent.$SITE_PAGES.$c1epa_DESKTOP.$inlineContent.$i1mk5g5r.$inlineContent.0.$child.$0.$inlineContent.$1.$0.$child.$4\">\u00a0<span style=\"font-weight: inherit;\">\u00a0<\/span><\/div>\n<\/div>\n<\/div>\n<\/div>\n<\/div>\n<\/div>\n<\/div>\n<\/div>\n<\/div>\n<\/div>\n<div id=\"i1qvrmr8\" class=\"app1\" data-state=\"content\" data-reactid=\".0.$SITE_ROOT.$desktop_siteRoot.$PAGES_CONTAINER.$centeredContent.$inlineContent.$SITE_PAGES.$c1epa_DESKTOP.$inlineContent.$i1qvrmr8\" data-dynamic-height=\"true\">\n<div id=\"i1qvrmr8inlineContent\" class=\"app1inlineContent\" data-reactid=\".0.$SITE_ROOT.$desktop_siteRoot.$PAGES_CONTAINER.$centeredContent.$inlineContent.$SITE_PAGES.$c1epa_DESKTOP.$inlineContent.$i1qvrmr8.$inlineContent\">\n<div id=\"PriceListView_i1qvrmm312_Array__0\" class=\" \" data-reactid=\".0.$SITE_ROOT.$desktop_siteRoot.$PAGES_CONTAINER.$centeredContent.$inlineContent.$SITE_PAGES.$c1epa_DESKTOP.$inlineContent.$i1qvrmr8.$inlineContent.0\">\n<div id=\"i1qvrmr8_PriceListView_i1qvrmm312_Array__0_0_def_0\" class=\" flex_vbox\" data-reactid=\".0.$SITE_ROOT.$desktop_siteRoot.$PAGES_CONTAINER.$centeredContent.$inlineContent.$SITE_PAGES.$c1epa_DESKTOP.$inlineContent.$i1qvrmr8.$inlineContent.0.$child\">\n<div id=\"i1qvrmr8_PriceListView_i1qvrmm312_Array__0_0_paginatedlist\" class=\"s_pQyQInlineSkin\" data-reactid=\".0.$SITE_ROOT.$desktop_siteRoot.$PAGES_CONTAINER.$centeredContent.$inlineContent.$SITE_PAGES.$c1epa_DESKTOP.$inlineContent.$i1qvrmr8.$inlineContent.0.$child.$0\">\n<div id=\"i1qvrmr8_PriceListView_i1qvrmm312_Array__0_0_paginatedlistinlineContent\" class=\"s_pQyQInlineSkininlineContent\" data-reactid=\".0.$SITE_ROOT.$desktop_siteRoot.$PAGES_CONTAINER.$centeredContent.$inlineContent.$SITE_PAGES.$c1epa_DESKTOP.$inlineContent.$i1qvrmr8.$inlineContent.0.$child.$0.$inlineContent\">\n<div id=\"i1qvrmr8_PriceListView_i1qvrmm312_Array__0_0_0_positionInParent_default\" class=\" flex_vbox\" data-reactid=\".0.$SITE_ROOT.$desktop_siteRoot.$PAGES_CONTAINER.$centeredContent.$inlineContent.$SITE_PAGES.$c1epa_DESKTOP.$inlineContent.$i1qvrmr8.$inlineContent.0.$child.$0.$inlineContent.$0\">\n<div id=\"PriceListView_i1qvrmm312_PriceList_i1qvrmly11__0_0_0\" class=\" \" data-reactid=\".0.$SITE_ROOT.$desktop_siteRoot.$PAGES_CONTAINER.$centeredContent.$inlineContent.$SITE_PAGES.$c1epa_DESKTOP.$inlineContent.$i1qvrmr8.$inlineContent.0.$child.$0.$inlineContent.$0.$0\">\n<div id=\"i1qvrmr8_PriceListView_i1qvrmm312_PriceList_i1qvrmly11__0_0_0_0_def_0\" class=\" flex_vbox\" data-reactid=\".0.$SITE_ROOT.$desktop_siteRoot.$PAGES_CONTAINER.$centeredContent.$inlineContent.$SITE_PAGES.$c1epa_DESKTOP.$inlineContent.$i1qvrmr8.$inlineContent.0.$child.$0.$inlineContent.$0.$0.$child\">\n<div id=\"i1qvrmr8_PriceListView_i1qvrmm312_PriceList_i1qvrmly11__0_0_0_0_def_3\" class=\"flex_display\" data-reactid=\".0.$SITE_ROOT.$desktop_siteRoot.$PAGES_CONTAINER.$centeredContent.$inlineContent.$SITE_PAGES.$c1epa_DESKTOP.$inlineContent.$i1qvrmr8.$inlineContent.0.$child.$0.$inlineContent.$0.$0.$child.$2\">\n<div id=\"i1qvrmr8_PriceListView_i1qvrmm312_PriceList_i1qvrmly11__0_0_0_0_Center\" class=\"flex_display flex_vbox\" data-reactid=\".0.$SITE_ROOT.$desktop_siteRoot.$PAGES_CONTAINER.$centeredContent.$inlineContent.$SITE_PAGES.$c1epa_DESKTOP.$inlineContent.$i1qvrmr8.$inlineContent.0.$child.$0.$inlineContent.$0.$0.$child.$2.$2\">\n<div id=\"i1qvrmr8_PriceListView_i1qvrmm312_PriceList_i1qvrmly11__0_0_0_0_text_1\" class=\"\" data-reactid=\".0.$SITE_ROOT.$desktop_siteRoot.$PAGES_CONTAINER.$centeredContent.$inlineContent.$SITE_PAGES.$c1epa_DESKTOP.$inlineContent.$i1qvrmr8.$inlineContent.0.$child.$0.$inlineContent.$0.$0.$child.$2.$2.$0\">\n<div id=\"i1qvrmr8_PriceListView_i1qvrmm312_PriceList_i1qvrmly11__0_0_0_0_text_1\" class=\"flex_display flex_vbox\" data-reactid=\".0.$SITE_ROOT.$desktop_siteRoot.$PAGES_CONTAINER.$centeredContent.$inlineContent.$SITE_PAGES.$c1epa_DESKTOP.$inlineContent.$i1qvrmr8.$inlineContent.0.$child.$0.$inlineContent.$0.$0.$child.$2.$2.$0.$0\">\n<div id=\"i1qvrmr8_PriceListView_i1qvrmm312_PriceList_i1qvrmly11__0_0_0_0_text_1_proxy\" class=\"s_usaAWRichTextClickableSkin\" data-reactid=\".0.$SITE_ROOT.$desktop_siteRoot.$PAGES_CONTAINER.$centeredContent.$inlineContent.$SITE_PAGES.$c1epa_DESKTOP.$inlineContent.$i1qvrmr8.$inlineContent.0.$child.$0.$inlineContent.$0.$0.$child.$2.$2.$0.$0.$0\">\n<div id=\"i1qvrmr8_PriceListView_i1qvrmm312_PriceList_i1qvrmly11__0_0_0_0_text_1_proxyrichTextContainer\" class=\"s_usaAWRichTextClickableSkin_richTextContainer s_usaAWRichTextClickableSkinrichTextContainer\" data-reactid=\".0.$SITE_ROOT.$desktop_siteRoot.$PAGES_CONTAINER.$centeredContent.$inlineContent.$SITE_PAGES.$c1epa_DESKTOP.$inlineContent.$i1qvrmr8.$inlineContent.0.$child.$0.$inlineContent.$0.$0.$child.$2.$2.$0.$0.$0.$richTextContainer\">\n<blockquote>\n<p class=\"font_7\"><strong><em>CA\u0141ODZIENNE WY\u017bYWIENIE\u00a0<\/em><\/strong><span style=\"font-weight: inherit;\">\u00a0<\/span><strong><em>13 z\u0142<\/em><\/strong><\/p>\n<p class=\"font_7\"><span style=\"font-weight: inherit;\">\u00a0<\/span><strong><em>OBIAD\u00a0<\/em><\/strong><span style=\"font-weight: inherit;\">\u00a0<\/span><strong><em>5 z\u0142<\/em><\/strong><\/p>\n<\/blockquote>\n<p>&nbsp;<\/p>\n<\/div>\n<\/div>\n<\/div>\n<\/div>\n<\/div>\n<\/div>\n<\/div>\n<\/div>\n<\/div>\n<\/div>\n<\/div>\n<\/div>\n<\/div>\n<\/div>\n<\/div>\n<div id=\"i23pgrn5\" class=\"txtNew\" data-reactid=\".0.$SITE_ROOT.$desktop_siteRoot.$PAGES_CONTAINER.$centeredContent.$inlineContent.$SITE_PAGES.$c1epa_DESKTOP.$inlineContent.$i23pgrn5\">\n<p class=\"font_8\">Obiady sprzedawane s\u0105 wy\u0142\u0105cznie w cyklu abonamentowym, kt\u00f3ry op\u0142aca si\u0119 do dziesi\u0105tego ka\u017cdego miesi\u0105ca.<\/p>\n<p class=\"font_8\"><span style=\"color: #800000;\"><strong>Op\u0142aty za posi\u0142ki mo\u017cna przelewa\u0107 na numer konta bankowego:<\/strong><\/span><\/p>\n<p class=\"font_8\"><span style=\"color: #800000;\"><strong>65 1020 4795 0000 9602 0278 2449<\/strong><\/span><\/p>\n<\/div>\n<h2 id=\"i23tu7wg\" class=\"i23tu7wg_i2stfo8k\" style=\"text-align: center;\" data-align=\"center\" data-disabled=\"false\" data-margin=\"0\" data-should-use-flex=\"true\" data-state=\"desktop shouldUseFlex center\" data-reactid=\".0.$SITE_ROOT.$desktop_siteRoot.$PAGES_CONTAINER.$centeredContent.$inlineContent.$SITE_PAGES.$c1epa_DESKTOP.$inlineContent.$i23tu7wg\" data-prev-text=\"MENU\" data-prev-min-width=\"45\" data-prev-width=\"191\"><\/h2>\n<div id=\"comp-j7f4ef60\" class=\"txtNew\" data-reactid=\".0.$SITE_ROOT.$desktop_siteRoot.$PAGES_CONTAINER.$centeredContent.$inlineContent.$SITE_PAGES.$c1epa_DESKTOP.$inlineContent.$comp-j7f4ef60\">\n<h2 class=\"font_8\" style=\"text-align: center;\">Informacja dotycz\u0105ca prawid\u0142owego dokonywania<\/h2>\n<h2 class=\"font_8\" style=\"text-align: center;\">p\u0142atno\u015bci dot. obiad\u00f3w dziecka w ZSO Nr 4<\/h2>\n<p class=\"font_8\">P\u0142atno\u015bci za obiady musz\u0105 by\u0107 dokonywane przelewem na rachunek bankowy PKO BP S.A. O\/Szczecin<br \/>\nnr\u00a065 1020 4795 0000 9602 0278 2449\u00a0w nieprzekraczalnym terminie do 10 ka\u017cdego bie\u017c\u0105cego miesi\u0105ca<br \/>\n(za wrzesie\u0144 2017 do 10.09.2017 r. itd.).<\/p>\n<p class=\"font_8\"><span style=\"color: #800000;\">Ze wzgl\u0119du na automatyczne ksi\u0119gowanie wyci\u0105g\u00f3w tylko prawid\u0142owe (wg poni\u017cszego wzoru) dokonanie przelewu b\u0119dzie ksi\u0119gowane na koncie ucznia. Prosimy o niedokonywanie \u017cadnych zmian w tek\u015bcie tytu\u0142u przelewu, gdy\u017c system automatycznie odrzuci taki przelew jako b\u0142\u0119dny, do ponownej weryfikacji, co znacznie utrudni i przed\u0142u\u017cy proces ewidencji dokonanych wp\u0142at.<\/span><\/p>\n<blockquote>\n<p class=\"font_8\">W tytule przelewu prosimy wpisa\u0107 dok\u0142adnie tekst w poni\u017cszego wzoru tj.:<br \/>\ncyfra numeru ewidencyjnego odst\u0119p Nazwisko odst\u0119p Imi\u0119 odst\u0119p obiady np.: <strong>1\u00a0Kowalski Jan obiady<\/strong><\/p>\n<\/blockquote>\n<p class=\"font_8\">Numer ewidencyjny jest indywidualnie przypisany dla ka\u017cdego ucznia. W celu otrzymania numeru ewidencyjnego (dotyczy nowych uczni\u00f3w korzystaj\u0105cych z obiad\u00f3w) nale\u017cy zg\u0142osi\u0107 si\u0119 do ksi\u0119gowo\u015bci osobi\u015bcie, telefonicznie 091 43 94\u00a0052 w. 36 lub email :<a class=\"auto-generated-link\" href=\"mailto:zso4-izabela.kolodziejczyk@wp.pl\" data-auto-recognition=\"true\" data-content=\"zso4-izabela.kolodziejczyk@wp.pl\" data-type=\"mail\">zso4-izabela.kolodziejczyk@wp.pl<\/a><\/p>\n<p class=\"font_8\">Osoby, kt\u00f3re korzysta\u0142y z obiad\u00f3w w poprzednim roku szkolnym u\u017cywaj\u0105 tego samego numeru ewidencyjnego.<br \/>\nNa pocz\u0105tku ka\u017cdego miesi\u0105ca zostanie do Pa\u0144stwa wys\u0142any email (na wskazany przez Pa\u0144stwa adres \u2013 prosz\u0119 poda\u0107) z bie\u017c\u0105cym zobowi\u0105zaniem na dany miesi\u0105c. Adres email, z kt\u00f3rego otrzymaj\u0105 Pa\u0144stwo t\u0119 informacj\u0119 b\u0119dzie r\u00f3wnie\u017c s\u0142u\u017cy\u0142 do Pa\u0144stwa kontaktu z ksi\u0119gowo\u015bci\u0105, do czego serdecznie zapraszamy.<\/p>\n<\/div>\n<div id=\"comp-j7x5702c\" class=\"txtNew\" data-reactid=\".0.$SITE_ROOT.$desktop_siteRoot.$PAGES_CONTAINER.$centeredContent.$inlineContent.$SITE_PAGES.$c1epa_DESKTOP.$inlineContent.$comp-j7x5702c\"><\/div>\n<p>&nbsp;<\/p>\n","protected":false},"excerpt":{"rendered":"<p>OP\u0141ATA\u00a0\u00a0 ZA\u00a0\u00a0 STYCZE\u0143\u00a0 2018 12 DNI\u00a0\u00a0\u00a0 \u017bYWIENIOWYCH CA\u0141ODZIENNE (z obiadem pi\u0105tkowym)\u00a0\u00a0\u00a0\u00a0 &#8211;\u00a0 148,00 CA\u0141ODZIENNE (bez obiadu pi\u0105tkowego)\u00a0\u00a0 &#8211;\u00a0 138,00 POBYT dla uczni\u00f3w ZSO Nr 4\u00a0\u00a0\u00a0\u00a0\u00a0\u00a0\u00a0\u00a0\u00a0\u00a0\u00a0\u00a0\u00a0\u00a0\u00a0\u00a0\u00a0\u00a0\u00a0\u00a0\u00a0 &#8211;\u00a0 120,00 POBYT\u00a0\u00a0\u00a0\u00a0\u00a0\u00a0\u00a0\u00a0\u00a0\u00a0\u00a0\u00a0\u00a0\u00a0\u00a0\u00a0\u00a0\u00a0\u00a0\u00a0\u00a0\u00a0\u00a0\u00a0\u00a0\u00a0\u00a0\u00a0\u00a0\u00a0\u00a0\u00a0\u00a0\u00a0\u00a0\u00a0\u00a0\u00a0\u00a0\u00a0\u00a0\u00a0\u00a0 \u00a0\u00a0\u00a0\u00a0\u00a0\u00a0\u00a0\u00a0\u00a0\u00a0\u00a0\u00a0\u00a0\u00a0\u00a0&#8211;\u00a0 140,00 OBIAD 5,00 &#8211;\u00a0\u00a0 12\u00a0 DNI\u00a0\u00a0\u00a0\u00a0\u00a0\u00a0\u00a0\u00a0\u00a0\u00a0\u00a0\u00a0\u00a0\u00a0\u00a0\u00a0\u00a0\u00a0\u00a0\u00a0\u00a0\u00a0\u00a0\u00a0\u00a0\u00a0\u00a0\u00a0\u00a0\u00a0\u00a0 &#8211;\u00a0 60,00 &nbsp; OP\u0141ATA\u00a0\u00a0 ZA\u00a0 LUTY\u00a0 2018 20 DNI\u00a0\u00a0\u00a0 \u017bYWIENIOWYCH CA\u0141ODZIENNE (z obiadem pi\u0105tkowym)\u00a0\u00a0\u00a0\u00a0 &#8211;\u00a0 244,00 CA\u0141ODZIENNE (bez obiadu pi\u0105tkowego)\u00a0\u00a0 [&hellip;]<\/p>\n","protected":false},"author":1,"featured_media":0,"parent":0,"menu_order":0,"comment_status":"closed","ping_status":"closed","template":"","meta":{"_exactmetrics_skip_tracking":false,"_exactmetrics_sitenote_active":false,"_exactmetrics_sitenote_note":"","_exactmetrics_sitenote_category":0},"_links":{"self":[{"href":"https:\/\/zso4.szczecin.pl\/liceum\/wp-json\/wp\/v2\/pages\/279"}],"collection":[{"href":"https:\/\/zso4.szczecin.pl\/liceum\/wp-json\/wp\/v2\/pages"}],"about":[{"href":"https:\/\/zso4.szczecin.pl\/liceum\/wp-json\/wp\/v2\/types\/page"}],"author":[{"embeddable":true,"href":"https:\/\/zso4.szczecin.pl\/liceum\/wp-json\/wp\/v2\/users\/1"}],"replies":[{"embeddable":true,"href":"https:\/\/zso4.szczecin.pl\/liceum\/wp-json\/wp\/v2\/comments?post=279"}],"version-history":[{"count":5,"href":"https:\/\/zso4.szczecin.pl\/liceum\/wp-json\/wp\/v2\/pages\/279\/revisions"}],"predecessor-version":[{"id":709,"href":"https:\/\/zso4.szczecin.pl\/liceum\/wp-json\/wp\/v2\/pages\/279\/revisions\/709"}],"wp:attachment":[{"href":"https:\/\/zso4.szczecin.pl\/liceum\/wp-json\/wp\/v2\/media?parent=279"}],"curies":[{"name":"wp","href":"https:\/\/api.w.org\/{rel}","templated":true}]}}