{"id":106,"date":"2017-03-14T15:53:56","date_gmt":"2017-03-14T14:53:56","guid":{"rendered":"http:\/\/zsoszczevi.cluster023.hosting.ovh.net\/gimnazjum\/?page_id=106"},"modified":"2025-05-11T14:59:59","modified_gmt":"2025-05-11T12:59:59","slug":"konsultacje","status":"publish","type":"page","link":"https:\/\/zso4.szczecin.pl\/liceum\/konsultacje\/","title":{"rendered":"GODZINY DOST\u0118PNO\u015aCI NAUCZYCIELI"},"content":{"rendered":"\n<figure class=\"wp-block-table\"><table><tbody><tr><td><strong>Lp.<\/strong><\/td><td><strong>Nauczyciel<\/strong><\/td><td><strong>Dzie\u0144<\/strong><\/td><td><strong>Godzina<\/strong><\/td><td><strong>Sala<\/strong><\/td><\/tr><tr><td>1<\/td><td>Abramczuk Ma\u0142gorzata<\/td><td>Wtorek<\/td><td>15:30-16:30<\/td><td>311<\/td><\/tr><tr><td>2<\/td><td>Basarab Micha\u0142<\/td><td>Poniedzia\u0142ek<\/td><td>14:20-15:20<\/td><td>218<\/td><\/tr><tr><td>3<\/td><td>Bielenis&nbsp; Milena<\/td><td>\u015aroda<\/td><td>15:30-16:30<\/td><td>305<\/td><\/tr><tr><td>4<\/td><td>Bogucka Barbara<\/td><td>&nbsp;Czwartek<\/td><td>17:00-17:30<\/td><td>&nbsp;<\/td><\/tr><tr><td>5<\/td><td>Bry\u0142a Marek<\/td><td>&nbsp;<\/td><td>&nbsp;<\/td><td>&nbsp;<\/td><\/tr><tr><td>6<\/td><td>Brzoskenewicz-Pierko M.<\/td><td>Wtorek<\/td><td>15:30-16:30<\/td><td>08<\/td><\/tr><tr><td>7<\/td><td>Chrzanowska Joanna<\/td><td>&nbsp;<\/td><td>&nbsp;<\/td><td>&nbsp;<\/td><\/tr><tr><td>8<\/td><td>Cymerman Magdalena<\/td><td>&nbsp;<\/td><td>&nbsp;<\/td><td>&nbsp;<\/td><\/tr><tr><td>9<\/td><td>Czarnecka-Dmytryk U.<\/td><td>&nbsp;<\/td><td>&nbsp;<\/td><td>&nbsp;<\/td><\/tr><tr><td>10<\/td><td>D\u0119bowska-Sokulska Iwona<\/td><td>&nbsp;<\/td><td>&nbsp;<\/td><td>&nbsp;<\/td><\/tr><tr><td>11<\/td><td>Gajdzi\u0144ska Iwona<\/td><td>&nbsp;<\/td><td>&nbsp;<\/td><td>&nbsp;<\/td><\/tr><tr><td>12<\/td><td>Gasiorowska-Duliba A.<\/td><td>&nbsp;<\/td><td>&nbsp;<\/td><td>&nbsp;<\/td><\/tr><tr><td>13<\/td><td>Gdowik Agata<\/td><td>&nbsp;<\/td><td>&nbsp;<\/td><td>&nbsp;<\/td><\/tr><tr><td>14<\/td><td>Gieracz&nbsp; Monika<\/td><td>Czwartek<\/td><td>15:30-16:30<\/td><td>107<\/td><\/tr><tr><td>15<\/td><td>Gos Barbara<\/td><td>Wtorek<\/td><td>15:30-16:30<\/td><td>214<\/td><\/tr><tr><td>16<\/td><td>G\u00f3recka Julita<\/td><td>&nbsp;<\/td><td>&nbsp;<\/td><td>&nbsp;<\/td><\/tr><tr><td>17<\/td><td>Graczyk \u0141ukasz<\/td><td>\u015aroda<\/td><td>8:25-8:55<\/td><td>PN<\/td><\/tr><tr><td>18<\/td><td>Grochowska Ewelina<\/td><td>&nbsp;<\/td><td>&nbsp;<\/td><td>&nbsp;<\/td><\/tr><tr><td>19<\/td><td>Haraszczuk Paulina<\/td><td>\u015aroda<\/td><td>15:30-16:30<\/td><td>018<\/td><\/tr><tr><td>20<\/td><td>Ismail Alina<\/td><td>Poniedzia\u0142ek<\/td><td>14:20-15:20<\/td><td>&nbsp;<\/td><\/tr><tr><td>21<\/td><td>Jakubik Jolanta<\/td><td>&nbsp;<\/td><td>&nbsp;<\/td><td>&nbsp;<\/td><\/tr><tr><td>22<\/td><td>Jesiotr Dorota<\/td><td>Czwartek<\/td><td>14:30-15:30<\/td><td>305<\/td><\/tr><tr><td>23<\/td><td>J\u0119drasik Katarzyna<\/td><td>&nbsp;<\/td><td>&nbsp;<\/td><td>&nbsp;<\/td><\/tr><tr><td>24<\/td><td>Jodko Anna<\/td><td>&nbsp;<\/td><td>&nbsp;<\/td><td>&nbsp;<\/td><\/tr><tr><td>25<\/td><td>Kaczocha Emilia<\/td><td>&nbsp;<\/td><td>&nbsp;<\/td><td>&nbsp;<\/td><\/tr><tr><td>26<\/td><td>Kanarska Julita<\/td><td>&nbsp;\u015aroda<\/td><td>&nbsp;15:00-16:00<\/td><td>&nbsp;In<\/td><\/tr><tr><td>27<\/td><td>Kaziszyn Beata<\/td><td>Wtorek<\/td><td>16:30-17:30<\/td><td>&nbsp;<\/td><\/tr><tr><td>28<\/td><td>K\u0142y\u017c Wioletta<\/td><td>Czwartek<\/td><td>13:00-14:00<\/td><td>In<\/td><\/tr><tr><td>29<\/td><td>Konicka Mariola<\/td><td>Poniedzia\u0142ek<\/td><td>14:30-16:30<\/td><td>107<\/td><\/tr><tr><td>30<\/td><td>Korycko Dorota<\/td><td>Wtorek<\/td><td>13:25-14:20<\/td><td>&nbsp;<\/td><\/tr><tr><td>31<\/td><td>Kozio\u0142 Agnieszka<\/td><td>\u015aroda<\/td><td>14:30-15:30<\/td><td>310<\/td><\/tr><tr><td>32<\/td><td>Kruglak Marta<\/td><td>&nbsp;<\/td><td>&nbsp;<\/td><td>&nbsp;<\/td><\/tr><tr><td>33<\/td><td>Krukowska \u017baneta<\/td><td>Poniedzia\u0142ek<\/td><td>14:20-15:20<\/td><td>307<\/td><\/tr><tr><td>34<\/td><td>Kruppa Katarzyna<\/td><td>&nbsp;<\/td><td>&nbsp;<\/td><td>&nbsp;<\/td><\/tr><tr><td>35<\/td><td>Kudlik Ma\u0142gorzata<\/td><td>&nbsp;<\/td><td>&nbsp;<\/td><td>&nbsp;<\/td><\/tr><tr><td>36<\/td><td>Listek Barbara<\/td><td>\u015aroda<\/td><td>14:45-15:45<\/td><td>07<\/td><\/tr><tr><td>37<\/td><td>Lorczak Agnieszka<\/td><td>Czwartek<\/td><td>15:30-16:30<\/td><td>214<\/td><\/tr><tr><td>38<\/td><td>\u0141azarz Janusz<\/td><td>Wtorek<\/td><td>15:30-16:30<\/td><td>304<\/td><\/tr><tr><td>39<\/td><td>\u0141\u0119ga Justyna<\/td><td>&nbsp;<\/td><td>&nbsp;<\/td><td>&nbsp;<\/td><\/tr><tr><td>40<\/td><td>\u0141ukowska Jadwiga<\/td><td>&nbsp;\u015aroda<\/td><td>20:00-21:00<\/td><td>In<\/td><\/tr><tr><td>41<\/td><td>Makochon Aneta<\/td><td>Poniedzia\u0142ek<\/td><td>13:30-14:30 14:30-15:30<\/td><td>SP2 07<\/td><\/tr><tr><td>42<\/td><td>Ma\u0142kowska Barbara<\/td><td>Wtorek<\/td><td>14:25-15:25<\/td><td>17<\/td><\/tr><tr><td>43<\/td><td>Markowski Ireneusz&nbsp;<\/td><td>\u015aroda<\/td><td>20:00-21:00<\/td><td>In<\/td><\/tr><tr><td>44<\/td><td>Micha\u0142owska-Janusz B.<\/td><td>Czwartek<\/td><td>15:30-16:30<\/td><td>&nbsp;<\/td><\/tr><tr><td>45<\/td><td>Mika Miros\u0142aw<\/td><td>&nbsp;<\/td><td>&nbsp;<\/td><td>&nbsp;<\/td><\/tr><tr><td>46<\/td><td>Muszy\u0144ska Beata<\/td><td>&nbsp;<\/td><td>&nbsp;<\/td><td>&nbsp;<\/td><\/tr><tr><td>47<\/td><td>Pa\u0144czuk-Mura Sonia<\/td><td>\u015aroda<\/td><td>17:15-18:15<\/td><td>212<\/td><\/tr><tr><td>48<\/td><td>Pasikowska Dorota<\/td><td>&nbsp;<\/td><td>&nbsp;<\/td><td>&nbsp;<\/td><\/tr><tr><td>49<\/td><td>Patyna Kamila<\/td><td>Wtorek Wtorek<\/td><td>14:20-15:20 15:20-16:20<\/td><td>018 SP2<\/td><\/tr><tr><td>50<\/td><td>Por\u0119bski Tomasz<\/td><td>Poniedzia\u0142ek<\/td><td>7:00-8:00<\/td><td>308<\/td><\/tr><tr><td>51<\/td><td>Pr\u00f3chnicka Justyna<\/td><td>&nbsp;Poniedzia\u0142ek Wtorek<\/td><td>&nbsp;14:20-15:20<\/td><td>&nbsp;017<\/td><\/tr><tr><td>52<\/td><td>Przydatek Patrycja<\/td><td>Poniedzia\u0142ek<\/td><td>165:30-17:30<\/td><td>306<\/td><\/tr><tr><td>53<\/td><td>Raziuk Anna<\/td><td>&nbsp;<\/td><td>&nbsp;<\/td><td>&nbsp;<\/td><\/tr><tr><td>54<\/td><td>Rothe Aleksandra<\/td><td>&nbsp;<\/td><td>&nbsp;<\/td><td>&nbsp;<\/td><\/tr><tr><td>55<\/td><td>Rusiecka Iwona<\/td><td>Niedziela<\/td><td>20:00-21:00<\/td><td>In<\/td><\/tr><tr><td>56<\/td><td>Sawicki Tomasz<\/td><td>&nbsp;<\/td><td>&nbsp;<\/td><td>&nbsp;<\/td><\/tr><tr><td>57<\/td><td>Skrodzka Renata<\/td><td>&nbsp;<\/td><td>&nbsp;<\/td><td>&nbsp;<\/td><\/tr><tr><td>58<\/td><td>Sobkowiak Joanna<\/td><td>&nbsp;<\/td><td>&nbsp;<\/td><td>&nbsp;<\/td><\/tr><tr><td>59<\/td><td>Stachiewicz Urszula<\/td><td>Czwartek<\/td><td>14:30-15:30<\/td><td>207<\/td><\/tr><tr><td>60<\/td><td>Starosielec Adrianna<\/td><td>&nbsp;<\/td><td>&nbsp;<\/td><td>&nbsp;<\/td><\/tr><tr><td>61<\/td><td>Swinarska El\u017abieta<\/td><td>&nbsp;<\/td><td>&nbsp;<\/td><td>&nbsp;<\/td><\/tr><tr><td>62<\/td><td>Szczepa\u0144ska Paulina<\/td><td>&nbsp;<\/td><td>&nbsp;<\/td><td>&nbsp;<\/td><\/tr><tr><td>63<\/td><td>Szostak Marta<\/td><td>&nbsp;<\/td><td>&nbsp;<\/td><td>&nbsp;<\/td><\/tr><tr><td>64<\/td><td>Szyd\u0142owska Agnieszka<\/td><td>&nbsp;<\/td><td>&nbsp;<\/td><td>&nbsp;<\/td><\/tr><tr><td>65<\/td><td>\u015aciepaniuk Monika<\/td><td>&nbsp;<\/td><td>&nbsp;<\/td><td>&nbsp;<\/td><\/tr><tr><td>66<\/td><td>Ta\u0144ska-Rosochacka J.<\/td><td>Poniedzia\u0142ek<\/td><td>15:30-16:30<\/td><td>211<\/td><\/tr><tr><td>67<\/td><td>Twardowska Katarzyna<\/td><td>Wtorek<\/td><td>20:00-21:00<\/td><td>In<\/td><\/tr><tr><td>68<\/td><td>Uszpolewicz Dorota<\/td><td>&nbsp;<\/td><td>&nbsp;<\/td><td>&nbsp;<\/td><\/tr><tr><td>69<\/td><td>Wagner Maciej<\/td><td>Poniedzia\u0142ek<\/td><td>9:40-10:40<\/td><td>Sp2<\/td><\/tr><tr><td>70<\/td><td>Wajszczuk Karolina<\/td><td>&nbsp;<\/td><td>&nbsp;<\/td><td>&nbsp;<\/td><\/tr><tr><td>71<\/td><td>Wawrzyniak Aneta<\/td><td>&nbsp;Poniedzia\u0142ek<\/td><td>16:30-17:30<\/td><td>&nbsp;Sgim<\/td><\/tr><tr><td>72<\/td><td>Weredy\u0144ska Barbara<\/td><td>&nbsp;<\/td><td>&nbsp;<\/td><td>&nbsp;<\/td><\/tr><tr><td>73<\/td><td>W\u0119gorowski Kamil<\/td><td>Poniedzia\u0142ek<\/td><td>7:00-8:00<\/td><td>&nbsp;<\/td><\/tr><tr><td>74<\/td><td>Wierzbicka Marta<\/td><td>&nbsp;<\/td><td>&nbsp;<\/td><td>&nbsp;<\/td><\/tr><tr><td>75<\/td><td>Witkowski Adam<\/td><td>Poniedzia\u0142ek<\/td><td>16:25-17:25<\/td><td>210<\/td><\/tr><tr><td>76<\/td><td>Wojtczak Aneta<\/td><td>Czwartek<\/td><td>15:30-16:30<\/td><td>108<\/td><\/tr><tr><td>77<\/td><td>Wo\u017aniak Katarzyna<\/td><td>&nbsp;<\/td><td>&nbsp;<\/td><td>&nbsp;<\/td><\/tr><tr><td>78<\/td><td>Wo\u017aniak-Weychan E.<\/td><td>Wtorek<\/td><td>15:30-16:30<\/td><td>217<\/td><\/tr><tr><td>79<\/td><td>Wo\u017anicki Piotr<\/td><td>Poniedzia\u0142ek<\/td><td>20:00-21:00<\/td><td>In<\/td><\/tr><tr><td>80<\/td><td>Wypychowski B.<\/td><td>Poniedzia\u0142ek<\/td><td>15:30-16:30<\/td><td>107<\/td><\/tr><tr><td>81<\/td><td>Zieli\u0144ska -Kotwica A.<\/td><td>&nbsp;<\/td><td>&nbsp;<\/td><td>&nbsp;<\/td><\/tr><tr><td>82<\/td><td>Zymek&nbsp; Beata<\/td><td>\u015aroda<\/td><td>13:35-14:35<\/td><td>309<\/td><\/tr><tr><td>SP 2 \u2013 nowy budynek klasy 0-3 In \u2013 internat PN \u2013 pok\u00f3j nauczycielski Sgim \u2013 sala gimnastyczna<\/td><\/tr><\/tbody><\/table><\/figure>\n","protected":false},"excerpt":{"rendered":"<p>Lp. Nauczyciel Dzie\u0144 Godzina Sala 1 Abramczuk Ma\u0142gorzata Wtorek 15:30-16:30 311 2 Basarab Micha\u0142 Poniedzia\u0142ek 14:20-15:20 218 3 Bielenis&nbsp; Milena \u015aroda 15:30-16:30 305 4 Bogucka Barbara &nbsp;Czwartek 17:00-17:30 &nbsp; 5 Bry\u0142a Marek &nbsp; &nbsp; &nbsp; 6 Brzoskenewicz-Pierko M. Wtorek 15:30-16:30 08 7 Chrzanowska Joanna &nbsp; &nbsp; &nbsp; 8 Cymerman Magdalena &nbsp; &nbsp; &nbsp; 9 Czarnecka-Dmytryk [&hellip;]<\/p>\n","protected":false},"author":1,"featured_media":0,"parent":0,"menu_order":0,"comment_status":"closed","ping_status":"closed","template":"","meta":{"_exactmetrics_skip_tracking":false,"_exactmetrics_sitenote_active":false,"_exactmetrics_sitenote_note":"","_exactmetrics_sitenote_category":0},"_links":{"self":[{"href":"https:\/\/zso4.szczecin.pl\/liceum\/wp-json\/wp\/v2\/pages\/106"}],"collection":[{"href":"https:\/\/zso4.szczecin.pl\/liceum\/wp-json\/wp\/v2\/pages"}],"about":[{"href":"https:\/\/zso4.szczecin.pl\/liceum\/wp-json\/wp\/v2\/types\/page"}],"author":[{"embeddable":true,"href":"https:\/\/zso4.szczecin.pl\/liceum\/wp-json\/wp\/v2\/users\/1"}],"replies":[{"embeddable":true,"href":"https:\/\/zso4.szczecin.pl\/liceum\/wp-json\/wp\/v2\/comments?post=106"}],"version-history":[{"count":62,"href":"https:\/\/zso4.szczecin.pl\/liceum\/wp-json\/wp\/v2\/pages\/106\/revisions"}],"predecessor-version":[{"id":6849,"href":"https:\/\/zso4.szczecin.pl\/liceum\/wp-json\/wp\/v2\/pages\/106\/revisions\/6849"}],"wp:attachment":[{"href":"https:\/\/zso4.szczecin.pl\/liceum\/wp-json\/wp\/v2\/media?parent=106"}],"curies":[{"name":"wp","href":"https:\/\/api.w.org\/{rel}","templated":true}]}}