{"id":674,"date":"2022-10-10T22:23:35","date_gmt":"2022-10-10T20:23:35","guid":{"rendered":"http:\/\/zso4.szczecin.pl\/internat\/?page_id=674"},"modified":"2024-04-03T15:30:22","modified_gmt":"2024-04-03T13:30:22","slug":"godziny-dostepnosci-nauczycieli","status":"publish","type":"page","link":"https:\/\/zso4.szczecin.pl\/internat\/godziny-dostepnosci-nauczycieli\/","title":{"rendered":"GODZINY DOST\u0118PNO\u015aCI NAUCZYCIELI"},"content":{"rendered":"<table>\n<tbody>\n<tr>\n<td width=\"77\"><strong>Lp.<\/strong><\/td>\n<td><strong>Nauczyciel<\/strong><\/td>\n<td><strong>Dzie\u0144 tygodnia<\/strong><\/td>\n<td><strong>Godzina<\/strong><\/td>\n<td><strong>Sala<\/strong><\/td>\n<\/tr>\n<tr>\n<td width=\"77\">1.<\/td>\n<td>Basarab Micha\u0142<\/td>\n<td>poniedzia\u0142ek<\/td>\n<td>15:30-16:30<\/td>\n<td>218<\/td>\n<\/tr>\n<tr>\n<td width=\"77\">2.<\/td>\n<td>Bielenis Milena<\/td>\n<td>\u015broda<\/td>\n<td>15:20-16:20<\/td>\n<td>08<\/td>\n<\/tr>\n<tr>\n<td width=\"77\">3.<\/td>\n<td>Bogucka Barbara<\/td>\n<td><\/td>\n<td><\/td>\n<td><\/td>\n<\/tr>\n<tr>\n<td width=\"77\">4.<\/td>\n<td>Bry\u0142a Marek<\/td>\n<td><\/td>\n<td><\/td>\n<td><\/td>\n<\/tr>\n<tr>\n<td width=\"77\">5.<\/td>\n<td>Brzoskenewicz-Pierko M.<\/td>\n<td>pi\u0105tek<\/td>\n<td>14:20-15:20<\/td>\n<td><\/td>\n<\/tr>\n<tr>\n<td width=\"77\">6.<\/td>\n<td>Chojnacka Emilia<\/td>\n<td>wtorek<\/td>\n<td>12:30-13:30<\/td>\n<td>NB<\/td>\n<\/tr>\n<tr>\n<td width=\"77\">7.<\/td>\n<td>Chrzanowska Joanna<\/td>\n<td>\u015broda<\/td>\n<td>11:40-12:40<\/td>\n<td>NB<\/td>\n<\/tr>\n<tr>\n<td width=\"77\">8.<\/td>\n<td>Czarnecka-Dmytryk U.<\/td>\n<td><\/td>\n<td><\/td>\n<td><\/td>\n<\/tr>\n<tr>\n<td width=\"77\">9.<\/td>\n<td>Gasiorowska-Duliba A.<\/td>\n<td><\/td>\n<td><\/td>\n<td><\/td>\n<\/tr>\n<tr>\n<td width=\"77\">10.<\/td>\n<td>Gdowik Agata<\/td>\n<td><\/td>\n<td><\/td>\n<td><\/td>\n<\/tr>\n<tr>\n<td width=\"77\">11.<\/td>\n<td>Gieracz\u00a0 Monika<\/td>\n<td>wtorek<\/td>\n<td>15:30-16:30<\/td>\n<td>107<\/td>\n<\/tr>\n<tr>\n<td width=\"77\">12.<\/td>\n<td>Gos Barbara<\/td>\n<td>poniedzia\u0142ek<\/td>\n<td>15:30-16:30<\/td>\n<td>214<\/td>\n<\/tr>\n<tr>\n<td width=\"77\">13.<\/td>\n<td>G\u00f3recka Julita<\/td>\n<td>czwartek<\/td>\n<td>10:00-11:00<\/td>\n<td>NB<\/td>\n<\/tr>\n<tr>\n<td width=\"77\">14.<\/td>\n<td>Graczyk \u0141ukasz<\/td>\n<td>\u015broda<\/p>\n<p>\u015broda<\/td>\n<td>7:30-8:00<\/p>\n<p>16:25-16:55<\/td>\n<td>0118 NB<\/p>\n<p>311<\/td>\n<\/tr>\n<tr>\n<td width=\"77\">15.<\/td>\n<td>Haraszczuk Paulina<\/td>\n<td>wtorek<\/td>\n<td>14:20-15:20<\/td>\n<td>018<\/td>\n<\/tr>\n<tr>\n<td width=\"77\">16.<\/td>\n<td>Ikert Micha\u0142<\/td>\n<td>czwartek<\/td>\n<td>15:30-16:30<\/td>\n<td>17<\/td>\n<\/tr>\n<tr>\n<td width=\"77\">17.<\/td>\n<td>Ismail Alina<\/td>\n<td>czwartek<\/td>\n<td>16:25-17:25<\/td>\n<td>215<\/td>\n<\/tr>\n<tr>\n<td width=\"77\">18.<\/td>\n<td>Jakubik Jolanta<\/td>\n<td>\u015broda<\/td>\n<td>15:00-16:00<\/td>\n<td><\/td>\n<\/tr>\n<tr>\n<td width=\"77\">19.<\/td>\n<td>Jesiotr Dorota<\/td>\n<td><\/td>\n<td><\/td>\n<td><\/td>\n<\/tr>\n<tr>\n<td width=\"77\">20.<\/td>\n<td>Jodko Anna<\/td>\n<td><\/td>\n<td><\/td>\n<td><\/td>\n<\/tr>\n<tr>\n<td width=\"77\">21.<\/td>\n<td>J\u0119drasik Katarzyna<\/td>\n<td>\u015broda<\/td>\n<td>16:30-17:30<\/td>\n<td>306<\/td>\n<\/tr>\n<tr>\n<td width=\"77\">22.<\/td>\n<td>Kanarska Julita<\/td>\n<td>poniedzia\u0142ek<\/td>\n<td>14:00-15:00<\/td>\n<td>internat<\/td>\n<\/tr>\n<tr>\n<td width=\"77\">23.<\/td>\n<td>Kaziszyn Beata<\/td>\n<td>\u015broda<\/td>\n<td>12:30-13:30<\/td>\n<td><\/td>\n<\/tr>\n<tr>\n<td width=\"77\">24.<\/td>\n<td>Kociuba Barbara<\/td>\n<td><\/td>\n<td><\/td>\n<td><\/td>\n<\/tr>\n<tr>\n<td width=\"77\">25.<\/td>\n<td>Konicka Mariola<\/td>\n<td>\u00a0poniedzia\u0142ek<\/td>\n<td>14:25-16:00<\/td>\n<td><\/td>\n<\/tr>\n<tr>\n<td width=\"77\">26.<\/td>\n<td>Korycko Dorota<\/td>\n<td>\u00a0poniedzia\u0142ek<\/td>\n<td>\u00a013:30-14:30<\/td>\n<td>\u00a0PN<\/td>\n<\/tr>\n<tr>\n<td width=\"77\">27.<\/td>\n<td>Kozio\u0142 Agnieszka<\/td>\n<td>wtorek<\/td>\n<td>15:40-17:00<\/td>\n<td>310<\/td>\n<\/tr>\n<tr>\n<td width=\"77\">28.<\/td>\n<td>Kruglak Marta<\/td>\n<td><\/td>\n<td><\/td>\n<td><\/td>\n<\/tr>\n<tr>\n<td width=\"77\">29.<\/td>\n<td>Krukowska \u017baneta<\/td>\n<td>\u00a0poniedzia\u0142ek<\/td>\n<td>\u00a014:20-15:20<\/td>\n<td><\/td>\n<\/tr>\n<tr>\n<td width=\"77\">30.<\/td>\n<td>Kruppa Katarzyna<\/td>\n<td>poniedzia\u0142ek<\/td>\n<td>15:30-16:30<\/td>\n<td>NB<\/td>\n<\/tr>\n<tr>\n<td width=\"77\">31.<\/td>\n<td>Kudlik Ma\u0142gorzata<\/td>\n<td>wtorek<\/td>\n<td>14:30-15:30<\/td>\n<td>\u00a007<\/td>\n<\/tr>\n<tr>\n<td width=\"77\">32.<\/td>\n<td>Kurowska Jadwiga<\/td>\n<td>wtorek<\/td>\n<td>20:00-21:00<\/td>\n<td>internat<\/td>\n<\/tr>\n<tr>\n<td width=\"77\">33.<\/td>\n<td>Lebedy\u0144ska Barbara<\/td>\n<td>wtorek<\/td>\n<td>14:00-15:00<\/td>\n<td>internat<\/td>\n<\/tr>\n<tr>\n<td width=\"77\">34.<\/td>\n<td>Listek Barbara<\/td>\n<td>\u015broda<\/td>\n<td>15:30-16:30<\/td>\n<td>07<\/td>\n<\/tr>\n<tr>\n<td width=\"77\">35.<\/td>\n<td>\u0141azarz Janusz<\/td>\n<td>\u00a0wtorek<\/td>\n<td>\u00a015:30-16:30<\/td>\n<td><\/td>\n<\/tr>\n<tr>\n<td width=\"77\">36.<\/td>\n<td>\u0141\u0119ga Justyna<\/td>\n<td><\/td>\n<td><\/td>\n<td><\/td>\n<\/tr>\n<tr>\n<td width=\"77\">37.<\/td>\n<td>\u0141ukowska Jadwiga<\/td>\n<td><\/td>\n<td><\/td>\n<td><\/td>\n<\/tr>\n<tr>\n<td width=\"77\">38.<\/td>\n<td>Makochon Aneta<\/td>\n<td>poniedzia\u0142ek<\/td>\n<td>14:30-15:30<\/td>\n<td>16<\/td>\n<\/tr>\n<tr>\n<td width=\"77\">39.<\/td>\n<td>Ma\u0142kowska Barbara<\/td>\n<td>wtorek<\/td>\n<td>16:30-17:00<\/td>\n<td>17<\/td>\n<\/tr>\n<tr>\n<td width=\"77\">40.<\/td>\n<td>Markowski Ireneusz<\/td>\n<td>poniedzia\u0142ek<\/td>\n<td>20:00-21:00<\/td>\n<td>internat<\/td>\n<\/tr>\n<tr>\n<td width=\"77\">41.<\/td>\n<td>Micha\u0142owska-Janusz B.<\/td>\n<td>\u015broda<\/td>\n<td>15:00-16:00<\/td>\n<td>205<\/td>\n<\/tr>\n<tr>\n<td width=\"77\">42.<\/td>\n<td>Mika Miros\u0142aw<\/td>\n<td>\u015broda<\/td>\n<td>15:00-16:00<\/td>\n<td><\/td>\n<\/tr>\n<tr>\n<td width=\"77\">43.<\/td>\n<td>Muszy\u0144ska Beata<\/td>\n<td><\/td>\n<td><\/td>\n<td><\/td>\n<\/tr>\n<tr>\n<td width=\"77\">44.<\/td>\n<td>Olszewska Monika<\/td>\n<td>\u015broda<\/td>\n<td>7:00-8:00<\/td>\n<td>014<\/td>\n<\/tr>\n<tr>\n<td width=\"77\">45.<\/td>\n<td>Pa\u0144czuk -Mura Sonia<\/td>\n<td>\u015broda<\/td>\n<td>17:45-18:45<\/td>\n<td>212<\/td>\n<\/tr>\n<tr>\n<td width=\"77\">46.<\/td>\n<td>Pasikowska Dorota<\/td>\n<td><\/td>\n<td><\/td>\n<td><\/td>\n<\/tr>\n<tr>\n<td width=\"77\">47.<\/td>\n<td>Patyna Kamila<\/td>\n<td>\u015broda<\/td>\n<td>14:20-15:20<\/td>\n<td>016 NB<\/td>\n<\/tr>\n<tr>\n<td width=\"77\">48.<\/td>\n<td>Pilzek Adrianna<\/td>\n<td><\/td>\n<td><\/td>\n<td><\/td>\n<\/tr>\n<tr>\n<td width=\"77\">49.<\/td>\n<td>Por\u0119bski Tomasz<\/td>\n<td><\/td>\n<td><\/td>\n<td><\/td>\n<\/tr>\n<tr>\n<td width=\"77\">50.<\/td>\n<td>Pr\u00f3chnicka Justyna<\/td>\n<td>\u015broda<\/td>\n<td>7:00-8:00<\/td>\n<td>017 NB<\/td>\n<\/tr>\n<tr>\n<td width=\"77\">51.<\/td>\n<td>Raziuk Anna<\/td>\n<td><\/td>\n<td><\/td>\n<td><\/td>\n<\/tr>\n<tr>\n<td width=\"77\">52.<\/td>\n<td>Sawicki Tomasz<\/td>\n<td>wtorek<\/td>\n<td>13:30-14:30<\/td>\n<td>15 p. wf<\/td>\n<\/tr>\n<tr>\n<td width=\"77\">53.<\/td>\n<td>Skrodzka Renata<\/td>\n<td>\u015broda<\/td>\n<td>13:30-14:30<\/td>\n<td>15 p. wf<\/td>\n<\/tr>\n<tr>\n<td width=\"77\">54.<\/td>\n<td>Sobkowiak Joanna<\/td>\n<td>poniedzia\u0142ek<\/td>\n<td>9:50-10:35<\/td>\n<td>p. nauczycielski<\/td>\n<\/tr>\n<tr>\n<td width=\"77\">55.<\/td>\n<td>Stachiewicz Urszula<\/td>\n<td>wtorek<\/td>\n<td>14:45-15:30<\/td>\n<td>217<\/td>\n<\/tr>\n<tr>\n<td width=\"77\">56.<\/td>\n<td>Swinarska El\u017abieta<\/td>\n<td>pi\u0119tek<\/td>\n<td>16:00-17:00<\/td>\n<td><\/td>\n<\/tr>\n<tr>\n<td width=\"77\">57.<\/td>\n<td>Szczepa\u0144ska Paulina<\/td>\n<td>czwartek<\/td>\n<td>11:30-12:30<\/p>\n<p>16:30-17:30<\/td>\n<td>NB<\/td>\n<\/tr>\n<tr>\n<td width=\"77\">58.<\/td>\n<td>Szyd\u0142owska Agnieszka<\/td>\n<td>poniedzia\u0142ek<\/td>\n<td>16:25-17:25<\/td>\n<td>311<\/td>\n<\/tr>\n<tr>\n<td width=\"77\">59.<\/td>\n<td>Ta\u0144ska-Rosochacka J.<\/td>\n<td>wtorek<\/td>\n<td>16:30-17:30<\/td>\n<td><\/td>\n<\/tr>\n<tr>\n<td width=\"77\">60.<\/td>\n<td>Twardowska Katarzyna<\/td>\n<td>\u015broda<\/td>\n<td>15:00-16:00<\/td>\n<td>internat<\/td>\n<\/tr>\n<tr>\n<td width=\"77\">61.<\/td>\n<td>Uszpolewicz Dorota<\/td>\n<td>czwartek<\/td>\n<td>11:30-12:30<\/p>\n<p>16:30-17:30<\/td>\n<td>NB<\/td>\n<\/tr>\n<tr>\n<td width=\"77\">62.<\/td>\n<td>Weredy\u0144ska Barbara<\/td>\n<td><\/td>\n<td><\/td>\n<td><\/td>\n<\/tr>\n<tr>\n<td width=\"77\">63.<\/td>\n<td>Ks. Wagner Maciej<\/td>\n<td>czwartek<\/td>\n<td>9:40-10:40<\/td>\n<td>p. nauczycielski<\/td>\n<\/tr>\n<tr>\n<td width=\"77\">64.<\/td>\n<td>Waszkiewicz Edyta<\/td>\n<td>\u00a0\u015broda<\/p>\n<p>czwartek<\/td>\n<td>\u00a012:30-13:00<\/p>\n<p>08:30-9:00<\/td>\n<td>\u00a0internat<\/td>\n<\/tr>\n<tr>\n<td width=\"77\">65.<\/td>\n<td>Wawrzyniak Aneta<\/td>\n<td>wtorek<\/td>\n<td>12:40-13:25<\/td>\n<td>15 p. wf<\/td>\n<\/tr>\n<tr>\n<td width=\"77\">66.<\/td>\n<td>Wierzbicka Marta<\/td>\n<td>wtorek<\/td>\n<td>20:00-21:00<\/td>\n<td>internat<\/td>\n<\/tr>\n<tr>\n<td width=\"77\">67.<\/td>\n<td>Witkowski Adam<\/td>\n<td>poniedzia\u0142ek<\/td>\n<td>16:25-17:25<\/td>\n<td>210<\/td>\n<\/tr>\n<tr>\n<td width=\"77\">68.<\/td>\n<td>Wojtczak Aneta<\/td>\n<td>\u015broda<\/td>\n<td>15:30-16:30<\/td>\n<td>108<\/td>\n<\/tr>\n<tr>\n<td width=\"77\">69.<\/td>\n<td>Wo\u017aniak Katarzyna<\/td>\n<td>\u015broda<\/td>\n<td>12:30-13:30<\/td>\n<td>117 NB<\/td>\n<\/tr>\n<tr>\n<td width=\"77\">70.<\/td>\n<td>Wo\u017aniak-Weychan E.<\/td>\n<td>\u015broda<\/td>\n<td>15:30-16:30<\/td>\n<td>217<\/td>\n<\/tr>\n<tr>\n<td width=\"77\">71.<\/td>\n<td>Wo\u017anicki Piotr<\/td>\n<td>niedziela<\/td>\n<td>20:00-21:00<\/td>\n<td>internat<\/td>\n<\/tr>\n<tr>\n<td width=\"77\"><\/td>\n<td>Zieli\u0144ska -Kotwica A.<\/td>\n<td>poniedzia\u0142ek<\/td>\n<td>13:30-14:30<\/td>\n<td>NB<\/td>\n<\/tr>\n<tr>\n<td width=\"77\"><\/td>\n<td>Zymek\u00a0 Beata<\/td>\n<td>czwartek<\/td>\n<td>15:30-16:30<\/td>\n<td>309<\/td>\n<\/tr>\n<tr>\n<td width=\"77\"><\/td>\n<td>\u017bywucka Katarzyna<\/td>\n<td><\/td>\n<td><\/td>\n<td><\/td>\n<\/tr>\n<tr>\n<td width=\"77\"><\/td>\n<td>Zygmunt Mariusz<\/td>\n<td>Wtorek<\/td>\n<td>14:20-15:20<\/td>\n<td><\/td>\n<\/tr>\n<\/tbody>\n<\/table>\n<p>&nbsp;<\/p>\n","protected":false},"excerpt":{"rendered":"<p>Lp. Nauczyciel Dzie\u0144 tygodnia Godzina Sala 1. Basarab Micha\u0142 poniedzia\u0142ek 15:30-16:30 218 2. Bielenis Milena \u015broda 15:20-16:20 08 3. Bogucka Barbara 4. Bry\u0142a Marek 5. Brzoskenewicz-Pierko M. pi\u0105tek 14:20-15:20 6. Chojnacka Emilia wtorek 12:30-13:30 NB 7. Chrzanowska Joanna \u015broda 11:40-12:40 NB 8. Czarnecka-Dmytryk U. 9. Gasiorowska-Duliba A. 10. Gdowik Agata 11. Gieracz\u00a0 Monika wtorek 15:30-16:30 [&hellip;]<\/p>\n","protected":false},"author":1,"featured_media":0,"parent":0,"menu_order":0,"comment_status":"closed","ping_status":"closed","template":"","meta":{"_exactmetrics_skip_tracking":false,"_exactmetrics_sitenote_active":false,"_exactmetrics_sitenote_note":"","_exactmetrics_sitenote_category":0},"_links":{"self":[{"href":"https:\/\/zso4.szczecin.pl\/internat\/wp-json\/wp\/v2\/pages\/674"}],"collection":[{"href":"https:\/\/zso4.szczecin.pl\/internat\/wp-json\/wp\/v2\/pages"}],"about":[{"href":"https:\/\/zso4.szczecin.pl\/internat\/wp-json\/wp\/v2\/types\/page"}],"author":[{"embeddable":true,"href":"https:\/\/zso4.szczecin.pl\/internat\/wp-json\/wp\/v2\/users\/1"}],"replies":[{"embeddable":true,"href":"https:\/\/zso4.szczecin.pl\/internat\/wp-json\/wp\/v2\/comments?post=674"}],"version-history":[{"count":7,"href":"https:\/\/zso4.szczecin.pl\/internat\/wp-json\/wp\/v2\/pages\/674\/revisions"}],"predecessor-version":[{"id":1026,"href":"https:\/\/zso4.szczecin.pl\/internat\/wp-json\/wp\/v2\/pages\/674\/revisions\/1026"}],"wp:attachment":[{"href":"https:\/\/zso4.szczecin.pl\/internat\/wp-json\/wp\/v2\/media?parent=674"}],"curies":[{"name":"wp","href":"https:\/\/api.w.org\/{rel}","templated":true}]}}