{"id":306,"date":"2017-11-10T09:48:13","date_gmt":"2017-11-10T08:48:13","guid":{"rendered":"http:\/\/zsoszczevi.cluster023.hosting.ovh.net\/internat\/?page_id=306"},"modified":"2022-10-10T23:01:55","modified_gmt":"2022-10-10T21:01:55","slug":"kontakt","status":"publish","type":"page","link":"https:\/\/zso4.szczecin.pl\/internat\/kontakt\/","title":{"rendered":"KONTAKT"},"content":{"rendered":"<p class=\"font_8\"><span style=\"color: #000000;\"><strong>KIEROWNIK INTERNATU<\/strong><\/span><\/p>\n<p class=\"font_8\"><span class=\"color_2\" style=\"color: #000000;\">mgr\u00a0Katarzyna \u017bywucka<\/span><\/p>\n<table border=\"0\" cellspacing=\"0\">\n<colgroup span=\"5\" width=\"134\"><\/colgroup>\n<tbody>\n<tr>\n<td align=\"center\" valign=\"middle\" height=\"44\"><b><span style=\"color: #000000;\">poniedzia\u0142ek<\/span><\/b><\/td>\n<td align=\"center\" valign=\"middle\"><b><span style=\"color: #000000;\">wtorek<\/span><\/b><\/td>\n<td align=\"center\" valign=\"middle\"><b><span style=\"color: #000000;\">\u015broda<\/span><\/b><\/td>\n<td align=\"center\" valign=\"middle\"><b><span style=\"color: #000000;\">czwartek<\/span><\/b><\/td>\n<td align=\"center\" valign=\"middle\"><b><span style=\"color: #000000;\">pi\u0105tek<\/span><\/b><\/td>\n<\/tr>\n<tr>\n<td align=\"center\" valign=\"middle\" height=\"58\"><b><span style=\"color: #000000; font-size: large;\">8.30-13.30<\/span><\/b><\/td>\n<td align=\"center\" valign=\"middle\"><b><span style=\"color: #000000; font-size: large;\">8.00-14.30<\/span><\/b><\/td>\n<td align=\"center\" valign=\"middle\"><b><span style=\"color: #000000; font-size: large;\">8.30-16.00<\/span><\/b><\/td>\n<td align=\"center\" valign=\"middle\"><b><span style=\"color: #000000; font-size: large;\">8.00-14.30<\/span><\/b><\/td>\n<td align=\"center\" valign=\"middle\"><b><span style=\"color: #000000; font-size: large;\">8.30-13.00<\/span><\/b><\/td>\n<\/tr>\n<\/tbody>\n<\/table>\n<blockquote>\n<p class=\"font_8\">Internat ZSO Nr 4<br \/>\nul. Romera 2<br \/>\n71-246 Szczecin<br \/>\nTel. 091 439 40 51<\/p>\n<\/blockquote>\n<p>&nbsp;<\/p>\n<p class=\"font_8\">LOKALIZACJA<\/p>\n<p class=\"font_8\">Internat Zespo\u0142u Szk\u00f3\u0142 Og\u00f3lnokszta\u0142c\u0105cych Nr 4\u00a0mie\u015bci si\u0119 w pobli\u017cu szko\u0142y w osobnym czteropi\u0119trowym budynku. Jest to plac\u00f3wka koedukacyjna, ch\u0142opcy zajmuj\u0105 drugie pi\u0119tro, a dziewcz\u0119ta trzecie i czwarte. W tym samym budynku mie\u015bci si\u0119 poradnia psychologiczno \u2013 pedagogiczna, a w pobli\u017cu znajduje si\u0119 przychodnia medycyny rodzinnej, z us\u0142ug, kt\u00f3rej m\u0142odzie\u017c mo\u017ce korzysta\u0107. Przed internatem jest skwer, boisko do gry w pi\u0142k\u0119 oraz liczne sklepiki.<\/p>\n<p class=\"font_8\">Dojazd<br \/>\nAutobus 75 z dworca PKP i PKS<br \/>\nTramwaj 1, 3, 5 i 7 z centrum miasta<\/p>\n<hr \/>\n<table width=\"654\" cellspacing=\"0\" cellpadding=\"4\">\n<tbody>\n<tr valign=\"top\">\n<td width=\"203\">Dyrektor szko\u0142y<\/td>\n<td width=\"105\">\n<p align=\"center\">\u2013<\/p>\n<\/td>\n<td width=\"320\">\n<p align=\"center\">dyrektor.zso4@zso4.szczecin.pl<\/p>\n<\/td>\n<\/tr>\n<tr valign=\"top\">\n<td width=\"203\">Zast\u0119pca dyrektora szko\u0142y LO<\/td>\n<td width=\"105\">\n<p align=\"center\">wew. 40<\/p>\n<\/td>\n<td width=\"320\">\n<p align=\"center\">z.dyrektora.lo@zso4.szczecin.pl<\/p>\n<\/td>\n<\/tr>\n<tr valign=\"top\">\n<td width=\"203\">Zast\u0119pca dyrektora szko\u0142y\u00a0 SP<\/td>\n<td width=\"105\">\n<p align=\"center\">wew. 41<\/p>\n<\/td>\n<td width=\"320\">\n<p align=\"center\">z.dyrektora.sp@zso4.szczecin.pl<\/p>\n<\/td>\n<\/tr>\n<tr valign=\"top\">\n<td width=\"203\">Pok\u00f3j nauczycielski<\/td>\n<td width=\"105\">\n<p align=\"center\">wew. 42<\/p>\n<\/td>\n<td width=\"320\">\n<p align=\"center\">\u2013<\/p>\n<\/td>\n<\/tr>\n<tr valign=\"top\">\n<td width=\"203\">Pedagog szkolny<\/td>\n<td width=\"105\">\n<p align=\"center\">wew. 44<\/p>\n<\/td>\n<td width=\"320\">\n<p align=\"center\">eswinarska@zso4.szczecin.pl<\/p>\n<p align=\"center\">agasiorowskaduliba@zso4.szczecin.pl<\/p>\n<\/td>\n<\/tr>\n<tr valign=\"top\">\n<td width=\"203\">Sekretariat g\u0142\u00f3wny<\/td>\n<td width=\"105\">\n<p align=\"center\">wew. 35<\/p>\n<\/td>\n<td width=\"320\">\n<p align=\"center\"><a href=\"mailto:zso4@miasto.szczecin.pl\">zso4@miasto.szczecin.pl<\/a><\/p>\n<\/td>\n<\/tr>\n<tr valign=\"top\">\n<td width=\"203\">Sekretariat uczniowski<\/td>\n<td width=\"105\">\n<p align=\"center\">wew. 31<\/p>\n<\/td>\n<td width=\"320\">\n<p align=\"center\">sekretariat.uczniowski@zso4.szczecin.pl<\/p>\n<\/td>\n<\/tr>\n<tr valign=\"top\">\n<td width=\"203\">Kierownik gospodarczy<\/td>\n<td width=\"105\">\n<p align=\"center\">wew. 38<\/p>\n<\/td>\n<td width=\"320\">\n<p align=\"center\">kier.gospodarczy@zso4.szczecin.pl<\/p>\n<\/td>\n<\/tr>\n<tr valign=\"top\">\n<td width=\"203\">G\u0142\u00f3wna ksi\u0119gowa<\/td>\n<td width=\"105\">\n<p align=\"center\">wew. 47<\/p>\n<\/td>\n<td width=\"320\">\n<p align=\"center\">gl.ksiegowa@zso4.szczecin.pl<\/p>\n<\/td>\n<\/tr>\n<tr valign=\"top\">\n<td width=\"203\">Ksi\u0119gowa<\/td>\n<td width=\"105\">\n<p align=\"center\">wew. 36<\/p>\n<\/td>\n<td width=\"320\">\n<p align=\"center\">ksiegowa@zso4.szczecin.pl<\/p>\n<\/td>\n<\/tr>\n<tr valign=\"top\">\n<td width=\"203\">Kierownik internatu<\/td>\n<td width=\"105\">\n<p align=\"center\">91 43-94-051<\/p>\n<\/td>\n<td width=\"320\">\n<p align=\"center\">kier.internatu@zso4.szczecin.pl<\/p>\n<\/td>\n<\/tr>\n<tr valign=\"top\">\n<td width=\"203\">Kierownik sto\u0142\u00f3wki<\/td>\n<td width=\"105\">\n<p align=\"center\">wew. 45<\/p>\n<\/td>\n<td width=\"320\">\n<p align=\"center\">kier.stolowki@zso4.szczecin.pl<\/p>\n<\/td>\n<\/tr>\n<\/tbody>\n<\/table>\n<p><span class=\"wixGuard\" style=\"font-size: 16px; font-weight: inherit;\"> \u200b<\/span><\/p>\n","protected":false},"excerpt":{"rendered":"<p>KIEROWNIK INTERNATU mgr\u00a0Katarzyna \u017bywucka poniedzia\u0142ek wtorek \u015broda czwartek pi\u0105tek 8.30-13.30 8.00-14.30 8.30-16.00 8.00-14.30 8.30-13.00 Internat ZSO Nr 4 ul. Romera 2 71-246 Szczecin Tel. 091 439 40 51 &nbsp; LOKALIZACJA Internat Zespo\u0142u Szk\u00f3\u0142 Og\u00f3lnokszta\u0142c\u0105cych Nr 4\u00a0mie\u015bci si\u0119 w pobli\u017cu szko\u0142y w osobnym czteropi\u0119trowym budynku. Jest to plac\u00f3wka koedukacyjna, ch\u0142opcy zajmuj\u0105 drugie pi\u0119tro, a dziewcz\u0119ta trzecie [&hellip;]<\/p>\n","protected":false},"author":1,"featured_media":0,"parent":0,"menu_order":0,"comment_status":"closed","ping_status":"closed","template":"","meta":{"_exactmetrics_skip_tracking":false,"_exactmetrics_sitenote_active":false,"_exactmetrics_sitenote_note":"","_exactmetrics_sitenote_category":0},"_links":{"self":[{"href":"https:\/\/zso4.szczecin.pl\/internat\/wp-json\/wp\/v2\/pages\/306"}],"collection":[{"href":"https:\/\/zso4.szczecin.pl\/internat\/wp-json\/wp\/v2\/pages"}],"about":[{"href":"https:\/\/zso4.szczecin.pl\/internat\/wp-json\/wp\/v2\/types\/page"}],"author":[{"embeddable":true,"href":"https:\/\/zso4.szczecin.pl\/internat\/wp-json\/wp\/v2\/users\/1"}],"replies":[{"embeddable":true,"href":"https:\/\/zso4.szczecin.pl\/internat\/wp-json\/wp\/v2\/comments?post=306"}],"version-history":[{"count":8,"href":"https:\/\/zso4.szczecin.pl\/internat\/wp-json\/wp\/v2\/pages\/306\/revisions"}],"predecessor-version":[{"id":680,"href":"https:\/\/zso4.szczecin.pl\/internat\/wp-json\/wp\/v2\/pages\/306\/revisions\/680"}],"wp:attachment":[{"href":"https:\/\/zso4.szczecin.pl\/internat\/wp-json\/wp\/v2\/media?parent=306"}],"curies":[{"name":"wp","href":"https:\/\/api.w.org\/{rel}","templated":true}]}}